CRAN Package Check Results for Package gethr

Last updated on 2021-08-01 07:51:46 CEST.

Flavor Version Tinstall Tcheck Ttotal Status Flags
r-devel-linux-x86_64-debian-clang 0.1.0 5.20 46.56 51.76 NOTE
r-devel-linux-x86_64-debian-gcc 0.1.0 3.33 38.25 41.58 NOTE
r-devel-linux-x86_64-fedora-clang 0.1.0 72.18 NOTE
r-devel-linux-x86_64-fedora-gcc 0.1.0 61.47 NOTE
r-devel-windows-x86_64 0.1.0 7.00 80.00 87.00 NOTE
r-devel-windows-x86_64-gcc10-UCRT 0.1.0 NOTE
r-patched-linux-x86_64 0.1.0 NOTE
r-patched-solaris-x86 0.1.0 86.10 NOTE
r-release-linux-x86_64 0.1.0 4.40 45.71 50.11 NOTE
r-release-macos-arm64 0.1.0 NOTE
r-release-macos-x86_64 0.1.0 NOTE
r-release-windows-ix86+x86_64 0.1.0 9.00 63.00 72.00 NOTE
r-oldrel-macos-x86_64 0.1.0 OK
r-oldrel-windows-ix86+x86_64 0.1.0 6.00 80.00 86.00 OK

Check Details

Version: 0.1.0
Check: LazyData
Result: NOTE
     'LazyData' is specified without a 'data' directory
Flavors: r-devel-linux-x86_64-debian-clang, r-devel-linux-x86_64-debian-gcc, r-devel-linux-x86_64-fedora-clang, r-devel-linux-x86_64-fedora-gcc, r-devel-windows-x86_64, r-devel-windows-x86_64-gcc10-UCRT, r-patched-linux-x86_64, r-patched-solaris-x86, r-release-linux-x86_64, r-release-macos-arm64, r-release-macos-x86_64, r-release-windows-ix86+x86_64