CRAN Package Check Results for Package getable

Last updated on 2021-08-01 07:51:46 CEST.

Flavor Version Tinstall Tcheck Ttotal Status Flags
r-devel-linux-x86_64-debian-clang 1.0.3 1.97 23.13 25.10 NOTE
r-devel-linux-x86_64-debian-gcc 1.0.3 1.59 19.58 21.17 NOTE
r-devel-linux-x86_64-fedora-clang 1.0.3 41.50 NOTE
r-devel-linux-x86_64-fedora-gcc 1.0.3 30.83 NOTE
r-devel-windows-x86_64 1.0.3 5.00 39.00 44.00 NOTE
r-devel-windows-x86_64-gcc10-UCRT 1.0.3 NOTE
r-patched-linux-x86_64 1.0.3 NOTE
r-patched-solaris-x86 1.0.3 52.10 NOTE
r-release-linux-x86_64 1.0.3 1.97 23.00 24.97 NOTE
r-release-macos-arm64 1.0.3 NOTE
r-release-macos-x86_64 1.0.3 NOTE
r-release-windows-ix86+x86_64 1.0.3 6.00 40.00 46.00 NOTE
r-oldrel-macos-x86_64 1.0.3 OK
r-oldrel-windows-ix86+x86_64 1.0.3 4.00 41.00 45.00 OK

Check Details

Version: 1.0.3
Check: LazyData
Result: NOTE
     'LazyData' is specified without a 'data' directory
Flavors: r-devel-linux-x86_64-debian-clang, r-devel-linux-x86_64-debian-gcc, r-devel-linux-x86_64-fedora-clang, r-devel-linux-x86_64-fedora-gcc, r-devel-windows-x86_64, r-devel-windows-x86_64-gcc10-UCRT, r-patched-linux-x86_64, r-patched-solaris-x86, r-release-linux-x86_64, r-release-macos-arm64, r-release-macos-x86_64, r-release-windows-ix86+x86_64