CRAN Package Check Results for Package getProxy

Last updated on 2021-08-01 07:51:46 CEST.

Flavor Version Tinstall Tcheck Ttotal Status Flags
r-devel-linux-x86_64-debian-clang 1.12 2.65 28.59 31.24 OK
r-devel-linux-x86_64-debian-gcc 1.12 2.10 24.07 26.17 OK
r-devel-linux-x86_64-fedora-clang 1.12 49.20 NOTE
r-devel-linux-x86_64-fedora-gcc 1.12 37.85 NOTE
r-devel-windows-x86_64 1.12 4.00 44.00 48.00 OK
r-devel-windows-x86_64-gcc10-UCRT 1.12 NOTE
r-patched-linux-x86_64 1.12 OK
r-patched-solaris-x86 1.12 63.10 NOTE
r-release-linux-x86_64 1.12 2.59 28.51 31.10 OK
r-release-macos-arm64 1.12 NOTE
r-release-macos-x86_64 1.12 NOTE
r-release-windows-ix86+x86_64 1.12 8.00 35.00 43.00 OK
r-oldrel-macos-x86_64 1.12 NOTE
r-oldrel-windows-ix86+x86_64 1.12 5.00 46.00 51.00 OK

Check Details

Version: 1.12
Check: dependencies in R code
Result: NOTE
    Namespaces in Imports field not imported from:
     ‘bitops’ ‘data.table’ ‘dplyr’ ‘httr’
     All declared Imports should be used.
Flavors: r-devel-linux-x86_64-fedora-clang, r-devel-linux-x86_64-fedora-gcc, r-devel-windows-x86_64-gcc10-UCRT, r-patched-solaris-x86, r-release-macos-arm64, r-release-macos-x86_64, r-oldrel-macos-x86_64