CRAN Package Check Results for Package getMet

Last updated on 2021-08-02 22:54:30 CEST.

Flavor Version Tinstall Tcheck Ttotal Status Flags
r-devel-linux-x86_64-debian-clang 0.3.2 3.69 32.03 35.72 NOTE
r-devel-linux-x86_64-debian-gcc 0.3.2 2.84 25.48 28.32 NOTE
r-devel-linux-x86_64-fedora-clang 0.3.2 54.46 NOTE
r-devel-linux-x86_64-fedora-gcc 0.3.2 42.67 NOTE
r-devel-windows-x86_64 0.3.2 4.00 48.00 52.00 NOTE
r-devel-windows-x86_64-gcc10-UCRT 0.3.2 NOTE
r-patched-linux-x86_64 0.3.2 NOTE
r-patched-solaris-x86 0.3.2 68.10 NOTE
r-release-linux-x86_64 0.3.2 3.62 31.45 35.07 NOTE
r-release-macos-arm64 0.3.2 NOTE
r-release-macos-x86_64 0.3.2 NOTE
r-release-windows-ix86+x86_64 0.3.2 8.00 37.00 45.00 NOTE
r-oldrel-macos-x86_64 0.3.2 OK
r-oldrel-windows-ix86+x86_64 0.3.2 6.00 49.00 55.00 OK

Check Details

Version: 0.3.2
Check: LazyData
Result: NOTE
     'LazyData' is specified without a 'data' directory
Flavors: r-devel-linux-x86_64-debian-clang, r-devel-linux-x86_64-debian-gcc, r-devel-linux-x86_64-fedora-clang, r-devel-linux-x86_64-fedora-gcc, r-devel-windows-x86_64, r-devel-windows-x86_64-gcc10-UCRT, r-patched-linux-x86_64, r-patched-solaris-x86, r-release-linux-x86_64, r-release-macos-arm64, r-release-macos-x86_64, r-release-windows-ix86+x86_64