Last updated on 2023-01-30 00:31:13 CET.
Flavor | Version | Tinstall | Tcheck | Ttotal | Status | Flags |
---|---|---|---|---|---|---|
r-devel-linux-x86_64-debian-clang | 1.0.2 | 163.09 | 210.07 | 373.16 | OK | |
r-devel-linux-x86_64-debian-gcc | 1.0.2 | 147.34 | 166.24 | 313.58 | NOTE | |
r-devel-linux-x86_64-fedora-clang | 1.0.2 | 500.71 | OK | |||
r-devel-linux-x86_64-fedora-gcc | 1.0.2 | 546.79 | NOTE | |||
r-devel-windows-x86_64 | 1.0.2 | 158.00 | 236.00 | 394.00 | NOTE | |
r-patched-linux-x86_64 | 1.0.2 | 155.25 | 206.24 | 361.49 | OK | |
r-release-linux-x86_64 | 1.0.2 | 146.10 | 205.65 | 351.75 | OK | |
r-release-macos-arm64 | 1.0.2 | 127.00 | NOTE | |||
r-release-macos-x86_64 | 1.0.2 | 189.00 | NOTE | |||
r-release-windows-x86_64 | 1.0.2 | 134.00 | 220.00 | 354.00 | OK | |
r-oldrel-macos-arm64 | 1.0.2 | 728.00 | NOTE | |||
r-oldrel-macos-x86_64 | 1.0.2 | 144.00 | NOTE | |||
r-oldrel-windows-ix86+x86_64 | 1.0.2 | 332.00 | 280.00 | 612.00 | OK |
Version: 1.0.2
Check: C++ specification
Result: NOTE
Specified C++11: please update to current default of C++17
Flavors: r-devel-linux-x86_64-debian-gcc, r-devel-linux-x86_64-fedora-gcc, r-devel-windows-x86_64
Version: 1.0.2
Check: installed package size
Result: NOTE
installed size is 34.1Mb
sub-directories of 1Mb or more:
libs 33.8Mb
Flavors: r-release-macos-arm64, r-release-macos-x86_64, r-oldrel-macos-arm64, r-oldrel-macos-x86_64