Last updated on 2023-03-24 06:50:37 CET.
Flavor | Version | Tinstall | Tcheck | Ttotal | Status | Flags |
---|---|---|---|---|---|---|
r-devel-linux-x86_64-debian-clang | 1.9.2 | 9.99 | 37.19 | 47.18 | OK | |
r-devel-linux-x86_64-debian-gcc | 1.9.2 | 7.68 | 29.75 | 37.43 | OK | |
r-devel-linux-x86_64-fedora-clang | 1.9.2 | 63.54 | OK | |||
r-devel-linux-x86_64-fedora-gcc | 1.9.2 | 71.63 | OK | |||
r-patched-linux-x86_64 | 1.9.2 | 8.75 | 36.76 | 45.51 | OK | |
r-release-linux-x86_64 | 1.9.2 | 7.71 | 36.50 | 44.21 | OK | |
r-release-macos-arm64 | 1.9.2 | 32.00 | OK | |||
r-release-macos-x86_64 | 1.9.2 | 41.00 | OK | |||
r-release-windows-x86_64 | 1.9.2 | 89.00 | 108.00 | 197.00 | OK | |
r-oldrel-macos-arm64 | 1.9.2 | 37.00 | OK | |||
r-oldrel-macos-x86_64 | 1.9.2 | 46.00 | OK | |||
r-oldrel-windows-ix86+x86_64 | 1.9.2 | 38.00 | 104.00 | 142.00 | NOTE |
Version: 1.9.2
Check: installed package size
Result: NOTE
installed size is 9.6Mb
sub-directories of 1Mb or more:
libs 9.3Mb
Flavor: r-oldrel-windows-ix86+x86_64