CRAN Package Check Results for Package gert

Last updated on 2024-04-24 18:52:40 CEST.

Flavor Version Tinstall Tcheck Ttotal Status Flags
r-devel-linux-x86_64-debian-clang 2.0.1 9.96 42.72 52.68 NOTE
r-devel-linux-x86_64-debian-gcc 2.0.1 7.45 32.50 39.95 NOTE
r-devel-linux-x86_64-fedora-clang 2.0.1 69.42 NOTE
r-devel-linux-x86_64-fedora-gcc 2.0.1 64.35 NOTE
r-devel-windows-x86_64 2.0.1 19.00 125.00 144.00 NOTE
r-patched-linux-x86_64 2.0.1 9.30 39.57 48.87 OK
r-release-linux-x86_64 2.0.1 9.92 37.89 47.81 OK
r-release-macos-arm64 2.0.1 40.00 OK
r-release-windows-x86_64 2.0.1 20.00 125.00 145.00 NOTE
r-oldrel-macos-arm64 2.0.1 34.00 OK
r-oldrel-macos-x86_64 2.0.1 63.00 OK
r-oldrel-windows-x86_64 2.0.1 23.00 138.00 161.00 NOTE

Check Details

Version: 2.0.1
Check: compiled code
Result: NOTE File ‘gert/libs/gert.so’: Found non-API call to R: ‘R_curErrorBuf’ Compiled code should not call non-API entry points in R. See ‘Writing portable packages’ in the ‘Writing R Extensions’ manual. Flavors: r-devel-linux-x86_64-debian-clang, r-devel-linux-x86_64-debian-gcc, r-devel-linux-x86_64-fedora-clang, r-devel-linux-x86_64-fedora-gcc

Version: 2.0.1
Check: installed package size
Result: NOTE installed size is 7.3Mb sub-directories of 1Mb or more: libs 7.0Mb Flavors: r-devel-windows-x86_64, r-release-windows-x86_64, r-oldrel-windows-x86_64