CRAN Package Check Results for Package geoviz

Last updated on 2021-06-24 01:50:21 CEST.

Flavor Version Tinstall Tcheck Ttotal Status Flags
r-devel-linux-x86_64-debian-clang 0.2.2 3.31 98.88 102.19 NOTE
r-devel-linux-x86_64-debian-gcc 0.2.2 2.31 77.55 79.86 NOTE
r-devel-linux-x86_64-fedora-clang 0.2.2 127.65 NOTE
r-devel-linux-x86_64-fedora-gcc 0.2.2 117.46 NOTE
r-devel-windows-x86_64 0.2.2 6.00 106.00 112.00 NOTE
r-devel-windows-x86_64-gcc10-UCRT 0.2.2 ERROR
r-patched-linux-x86_64 0.2.2 3.70 93.98 97.68 NOTE
r-patched-solaris-x86 0.2.2 198.40 NOTE
r-release-linux-x86_64 0.2.2 3.30 94.80 98.10 NOTE
r-release-macos-arm64 0.2.2 NOTE
r-release-macos-x86_64 0.2.2 NOTE
r-release-windows-ix86+x86_64 0.2.2 6.00 106.00 112.00 NOTE
r-oldrel-macos-x86_64 0.2.2 OK

Check Details

Version: 0.2.2
Check: LazyData
Result: NOTE
     'LazyData' is specified without a 'data' directory
Flavors: r-devel-linux-x86_64-debian-clang, r-devel-linux-x86_64-debian-gcc, r-devel-linux-x86_64-fedora-clang, r-devel-linux-x86_64-fedora-gcc, r-devel-windows-x86_64, r-patched-linux-x86_64, r-patched-solaris-x86, r-release-linux-x86_64, r-release-macos-arm64, r-release-macos-x86_64, r-release-windows-ix86+x86_64

Version: 0.2.2
Check: package dependencies
Result: NOTE
    Imports includes 22 non-default packages.
    Importing from so many packages makes the package vulnerable to any of
    them becoming unavailable. Move as many as possible to Suggests and
    use conditionally.
Flavor: r-devel-linux-x86_64-fedora-clang

Version: 0.2.2
Check: package dependencies
Result: ERROR
    Package required but not available: 'curl'
    
    See section 'The DESCRIPTION file' in the 'Writing R Extensions'
    manual.
Flavor: r-devel-windows-x86_64-gcc10-UCRT