CRAN Package Check Results for Package geostatsp

Last updated on 2021-06-18 13:51:45 CEST.

Flavor Version Tinstall Tcheck Ttotal Status Flags
r-devel-linux-x86_64-debian-clang 1.8.5 24.35 439.26 463.61 NOTE
r-devel-linux-x86_64-debian-gcc 1.8.5 22.82 322.18 345.00 NOTE
r-devel-linux-x86_64-fedora-clang 1.8.5 569.19 NOTE
r-devel-linux-x86_64-fedora-gcc 1.8.5 625.02 NOTE
r-devel-windows-x86_64 1.8.5 41.00 405.00 446.00 NOTE
r-devel-windows-x86_64-gcc10-UCRT 1.8.5 NOTE
r-patched-linux-x86_64 1.8.5 27.73 427.49 455.22 NOTE
r-patched-solaris-x86 1.8.5 856.70 NOTE
r-release-linux-x86_64 1.8.5 27.30 427.60 454.90 NOTE
r-release-macos-arm64 1.8.5 NOTE
r-release-macos-x86_64 1.8.5 NOTE
r-release-windows-ix86+x86_64 1.8.5 58.00 643.00 701.00 NOTE
r-oldrel-macos-x86_64 1.8.5 NOTE
r-oldrel-windows-ix86+x86_64 1.8.5 45.00 659.00 704.00 NOTE

Check Details

Version: 1.8.5
Check: package dependencies
Result: NOTE
    Package which this enhances but not available for checking: 'INLA'
Flavors: r-devel-linux-x86_64-debian-clang, r-devel-linux-x86_64-debian-gcc, r-devel-windows-x86_64-gcc10-UCRT, r-patched-linux-x86_64, r-patched-solaris-x86, r-release-linux-x86_64, r-release-macos-x86_64, r-oldrel-macos-x86_64

Version: 1.8.5
Check: installed package size
Result: NOTE
     installed size is 5.4Mb
     sub-directories of 1Mb or more:
     data 3.8Mb
Flavors: r-devel-linux-x86_64-fedora-clang, r-devel-windows-x86_64, r-patched-solaris-x86, r-release-macos-arm64, r-release-macos-x86_64, r-release-windows-ix86+x86_64, r-oldrel-macos-x86_64, r-oldrel-windows-ix86+x86_64

Version: 1.8.5
Check: data for non-ASCII characters
Result: NOTE
     Note: found 4 marked UTF-8 strings
Flavors: r-devel-linux-x86_64-fedora-clang, r-devel-linux-x86_64-fedora-gcc, r-patched-solaris-x86, r-release-macos-arm64, r-release-macos-x86_64, r-oldrel-macos-x86_64

Version: 1.8.5
Check: data for non-ASCII characters
Result: NOTE
     Note: found 4 marked Latin-1 strings
Flavor: r-devel-windows-x86_64-gcc10-UCRT

Version: 1.8.5
Check: package dependencies
Result: NOTE
    Package suggested but not available for checking: ‘rgdal’
    
    Package which this enhances but not available for checking: ‘INLA’
Flavor: r-release-macos-arm64