CRAN Package Check Results for Package geoscale

Last updated on 2021-09-19 13:49:09 CEST.

Flavor Version Tinstall Tcheck Ttotal Status Flags
r-devel-linux-x86_64-debian-clang 2.0 2.53 26.24 28.77 NOTE
r-devel-linux-x86_64-debian-gcc 2.0 2.50 20.49 22.99 NOTE
r-devel-linux-x86_64-fedora-clang 2.0 45.64 NOTE
r-devel-linux-x86_64-fedora-gcc 2.0 35.09 NOTE
r-devel-windows-x86_64 2.0 4.00 36.00 40.00 NOTE
r-devel-windows-x86_64-gcc10-UCRT 2.0 ERROR
r-patched-linux-x86_64 2.0 2.91 25.69 28.60 NOTE
r-patched-solaris-x86 2.0 49.60 NOTE
r-release-linux-x86_64 2.0 3.47 25.32 28.79 NOTE
r-release-macos-arm64 2.0 NOTE
r-release-macos-x86_64 2.0 NOTE
r-release-windows-ix86+x86_64 2.0 7.00 28.00 35.00 NOTE
r-oldrel-macos-x86_64 2.0 NOTE
r-oldrel-windows-ix86+x86_64 2.0 6.00 27.00 33.00 NOTE

Check Details

Version: 2.0
Check: R code for possible problems
Result: NOTE
    geoscaleBox: no visible global function definition for 'boxplot'
    geoscaleBox: no visible global function definition for 'par'
    geoscaleBox: no visible global function definition for 'text'
    geoscaleBox: no visible global function definition for 'segments'
    geoscaleBox: no visible global function definition for 'rect'
    geoscaleBox: no visible global function definition for 'rgb'
    geoscaleBox: no visible global function definition for 'polygon'
    geoscaleBox: no visible global function definition for 'points'
    geoscaleBox: no visible global function definition for 'axis'
    geoscalePlot: no visible global function definition for 'par'
    geoscalePlot: no visible global function definition for 'text'
    geoscalePlot: no visible global function definition for 'segments'
    geoscalePlot: no visible global function definition for 'rect'
    geoscalePlot: no visible global function definition for 'rgb'
    geoscalePlot: no visible global function definition for 'points'
    geoscalePlot: no visible global function definition for 'axis'
    Undefined global functions or variables:
     axis boxplot par points polygon rect rgb segments text
    Consider adding
     importFrom("grDevices", "rgb")
     importFrom("graphics", "axis", "boxplot", "par", "points", "polygon",
     "rect", "segments", "text")
    to your NAMESPACE file.
Flavors: r-devel-linux-x86_64-debian-clang, r-devel-linux-x86_64-debian-gcc, r-devel-linux-x86_64-fedora-clang, r-devel-linux-x86_64-fedora-gcc, r-devel-windows-x86_64, r-devel-windows-x86_64-gcc10-UCRT, r-patched-linux-x86_64, r-patched-solaris-x86, r-release-linux-x86_64, r-release-macos-arm64, r-release-macos-x86_64, r-release-windows-ix86+x86_64, r-oldrel-macos-x86_64, r-oldrel-windows-ix86+x86_64

Version: 2.0
Check: whether package can be installed
Result: WARN
    Found the following significant warnings:
     WARNING: installation-time patches will not be applied, could not get the patches index
Flavor: r-devel-windows-x86_64-gcc10-UCRT

Version: 2.0
Check: PDF version of manual
Result: WARN
    LaTeX errors when creating PDF version.
    This typically indicates Rd problems.
Flavor: r-devel-windows-x86_64-gcc10-UCRT

Version: 2.0
Check: PDF version of manual without hyperrefs or index
Result: ERROR
    Re-running with no redirection of stdout/stderr.
Flavor: r-devel-windows-x86_64-gcc10-UCRT