CRAN Package Check Results for Package geonetwork

Last updated on 2021-06-23 22:54:16 CEST.

Flavor Version Tinstall Tcheck Ttotal Status Flags
r-devel-linux-x86_64-debian-clang 0.3 4.97 70.98 75.95 OK
r-devel-linux-x86_64-debian-gcc 0.3 4.05 52.46 56.51 OK
r-devel-linux-x86_64-fedora-clang 0.3 99.15 NOTE
r-devel-linux-x86_64-fedora-gcc 0.3 86.19 NOTE
r-devel-windows-x86_64 0.3 9.00 58.00 67.00 OK
r-devel-windows-x86_64-gcc10-UCRT 0.3 NOTE
r-patched-linux-x86_64 0.3 7.21 65.91 73.12 OK
r-patched-solaris-x86 0.3 137.40 NOTE
r-release-linux-x86_64 0.3 5.30 66.79 72.09 OK
r-release-macos-arm64 0.3 NOTE
r-release-macos-x86_64 0.3 NOTE
r-release-windows-ix86+x86_64 0.3 11.00 60.00 71.00 OK
r-oldrel-macos-x86_64 0.3 NOTE

Check Details

Version: 0.3
Check: dependencies in R code
Result: NOTE
    Namespace in Imports field not imported from: ‘methods’
     All declared Imports should be used.
Flavors: r-devel-linux-x86_64-fedora-clang, r-devel-linux-x86_64-fedora-gcc, r-devel-windows-x86_64-gcc10-UCRT, r-patched-solaris-x86, r-release-macos-arm64, r-release-macos-x86_64, r-oldrel-macos-x86_64

Version: 0.3
Check: package dependencies
Result: NOTE
    Packages suggested but not available for checking: 'devtools', 'ggmap'
Flavor: r-devel-windows-x86_64-gcc10-UCRT

Version: 0.3
Check: Rd cross-references
Result: NOTE
    Package unavailable to check Rd xrefs: 'ggmap'
Flavor: r-devel-windows-x86_64-gcc10-UCRT

Version: 0.3
Check: package dependencies
Result: NOTE
    Package suggested but not available for checking: ‘mapview’
Flavor: r-release-macos-arm64