Last updated on 2022-05-17 06:53:09 CEST.
Flavor | Version | Tinstall | Tcheck | Ttotal | Status | Flags |
---|---|---|---|---|---|---|
r-devel-linux-x86_64-debian-clang | 0.2.0 | 98.77 | 41.75 | 140.52 | NOTE | |
r-devel-linux-x86_64-debian-gcc | 0.2.0 | 91.25 | 31.92 | 123.17 | NOTE | |
r-devel-linux-x86_64-fedora-clang | 0.2.0 | 215.76 | NOTE | |||
r-devel-linux-x86_64-fedora-gcc | 0.2.0 | 198.23 | NOTE | |||
r-devel-windows-x86_64 | 0.2.0 | 132.00 | 85.00 | 217.00 | NOTE | |
r-patched-linux-x86_64 | 0.2.0 | 92.48 | 39.64 | 132.12 | NOTE | |
r-release-linux-x86_64 | 0.2.0 | 91.56 | 39.42 | 130.98 | NOTE | |
r-release-macos-arm64 | 0.2.0 | 46.00 | NOTE | |||
r-release-macos-x86_64 | 0.2.0 | 71.00 | NOTE | |||
r-release-windows-x86_64 | 0.2.0 | 142.00 | 88.00 | 230.00 | NOTE | |
r-oldrel-macos-arm64 | 0.2.0 | 55.00 | NOTE | |||
r-oldrel-macos-x86_64 | 0.2.0 | 98.00 | NOTE | |||
r-oldrel-windows-ix86+x86_64 | 0.2.0 | 251.00 | 93.00 | 344.00 | NOTE |
Version: 0.2.0
Check: LazyData
Result: NOTE
'LazyData' is specified without a 'data' directory
Flavors: r-devel-linux-x86_64-debian-clang, r-devel-linux-x86_64-debian-gcc, r-devel-linux-x86_64-fedora-clang, r-devel-linux-x86_64-fedora-gcc, r-devel-windows-x86_64, r-patched-linux-x86_64, r-release-linux-x86_64, r-release-macos-arm64, r-release-macos-x86_64, r-release-windows-x86_64, r-oldrel-macos-arm64, r-oldrel-macos-x86_64, r-oldrel-windows-ix86+x86_64
Version: 0.2.0
Check: installed package size
Result: NOTE
installed size is 5.9Mb
sub-directories of 1Mb or more:
libs 5.4Mb
Flavor: r-oldrel-macos-arm64