CRAN Package Check Results for Package geometr

Last updated on 2021-06-14 07:48:37 CEST.

Flavor Version Tinstall Tcheck Ttotal Status Flags
r-devel-linux-x86_64-debian-clang 0.2.8 55.15 187.49 242.64 OK
r-devel-linux-x86_64-debian-gcc 0.2.8 37.04 136.31 173.35 OK
r-devel-linux-x86_64-fedora-clang 0.2.8 303.49 NOTE
r-devel-linux-x86_64-fedora-gcc 0.2.8 278.51 NOTE
r-devel-windows-x86_64 0.2.8 73.00 230.00 303.00 OK
r-devel-windows-x86_64-gcc10-UCRT 0.2.8 ERROR
r-patched-linux-x86_64 0.2.8 46.47 174.78 221.25 OK
r-patched-solaris-x86 0.2.8 340.50 NOTE
r-release-linux-x86_64 0.2.8 35.47 174.12 209.59 OK
r-release-macos-arm64 0.2.8 NOTE
r-release-macos-x86_64 0.2.8 NOTE
r-release-windows-ix86+x86_64 0.2.8 110.00 316.00 426.00 OK
r-oldrel-macos-x86_64 0.2.8 NOTE
r-oldrel-windows-ix86+x86_64 0.2.8 108.00 314.00 422.00 OK

Check Details

Version: 0.2.8
Check: dependencies in R code
Result: NOTE
    Namespaces in Imports field not imported from:
     ‘Rcpp’ ‘readr’ ‘spatstat’
     All declared Imports should be used.
Flavors: r-devel-linux-x86_64-fedora-clang, r-devel-linux-x86_64-fedora-gcc, r-patched-solaris-x86, r-release-macos-arm64, r-release-macos-x86_64, r-oldrel-macos-x86_64

Version: 0.2.8
Check: package dependencies
Result: ERROR
    Package required but not available: 'sf'
    
    See section 'The DESCRIPTION file' in the 'Writing R Extensions'
    manual.
Flavor: r-devel-windows-x86_64-gcc10-UCRT