Last updated on 2023-04-02 00:57:33 CEST.
Flavor | Version | Tinstall | Tcheck | Ttotal | Status | Flags |
---|---|---|---|---|---|---|
r-devel-linux-x86_64-debian-clang | 2.1.0 | 74.02 | 181.67 | 255.69 | OK | |
r-devel-linux-x86_64-debian-gcc | 2.1.0 | 53.33 | 135.60 | 188.93 | OK | |
r-devel-linux-x86_64-fedora-clang | 2.1.0 | 335.02 | NOTE | |||
r-devel-linux-x86_64-fedora-gcc | 2.1.0 | 342.31 | NOTE | |||
r-devel-windows-x86_64 | 2.1.0 | 86.00 | 22.00 | 108.00 | FAIL | |
r-patched-linux-x86_64 | 2.1.0 | 56.21 | 169.41 | 225.62 | OK | |
r-release-linux-x86_64 | 2.1.0 | 56.33 | 169.14 | 225.47 | OK | |
r-release-macos-arm64 | 2.1.0 | 88.00 | NOTE | |||
r-release-macos-x86_64 | 2.1.0 | 115.00 | NOTE | |||
r-release-windows-x86_64 | 2.1.0 | 122.00 | 253.00 | 375.00 | OK | |
r-oldrel-macos-arm64 | 2.1.0 | 82.00 | NOTE | |||
r-oldrel-macos-x86_64 | 2.1.0 | 113.00 | NOTE | |||
r-oldrel-windows-ix86+x86_64 | 2.1.0 | 158.00 | 329.00 | 487.00 | OK |
Version: 2.1.0
Check: dependencies in R code
Result: NOTE
Namespace in Imports field not imported from: ‘Rcpp’
All declared Imports should be used.
Flavors: r-devel-linux-x86_64-fedora-clang, r-devel-linux-x86_64-fedora-gcc, r-release-macos-arm64, r-release-macos-x86_64, r-oldrel-macos-arm64, r-oldrel-macos-x86_64
Version: 2.1.0
Check: loading without being on the library search path
Result: FAIL
Flavor: r-devel-windows-x86_64