CRAN Package Check Results for Package geoknife

Last updated on 2021-06-14 07:48:37 CEST.

Flavor Version Tinstall Tcheck Ttotal Status Flags
r-devel-linux-x86_64-debian-clang 1.6.5 9.22 64.62 73.84 ERROR
r-devel-linux-x86_64-debian-gcc 1.6.5 7.94 49.14 57.08 OK
r-devel-linux-x86_64-fedora-clang 1.6.5 95.03 OK
r-devel-linux-x86_64-fedora-gcc 1.6.5 85.15 OK
r-devel-windows-x86_64 1.6.5 13.00 96.00 109.00 OK
r-devel-windows-x86_64-gcc10-UCRT 1.6.5 ERROR
r-patched-linux-x86_64 1.6.5 9.71 60.89 70.60 OK
r-patched-solaris-x86 1.6.5 123.10 OK
r-release-linux-x86_64 1.6.5 7.80 61.10 68.90 ERROR
r-release-macos-arm64 1.6.5 NOTE
r-release-macos-x86_64 1.6.5 OK
r-release-windows-ix86+x86_64 1.6.5 17.00 105.00 122.00 OK
r-oldrel-macos-x86_64 1.6.5 OK
r-oldrel-windows-ix86+x86_64 1.6.5 23.00 98.00 121.00 OK

Check Details

Version: 1.6.5
Check: tests
Result: ERROR
     Running 'testthat.R' [5s/321s]
    Running the tests in 'tests/testthat.R' failed.
    Complete output:
     > library(testthat)
     > test_check('geoknife')
     Loading required package: geoknife
    
     Attaching package: 'geoknife'
    
     The following object is masked from 'package:stats':
    
     start
    
     The following object is masked from 'package:graphics':
    
     title
    
     The following object is masked from 'package:base':
    
     url
    
     == Skipped tests ===============================================================
     * On CRAN (67)
    
     == Failed tests ================================================================
     -- Error (test-query_webgeom.R:32:3): query values returns only unique ---------
     Error: Empty reply from server
     Backtrace:
     x
     1. +-testthat::expect_false(...) test-query_webgeom.R:32:2
     2. | \-testthat::quasi_label(enquo(object), label, arg = "object")
     3. | \-rlang::eval_bare(expr, quo_get_env(quo))
     4. +-base::duplicated(...)
     5. +-geoknife::query(...)
     6. \-geoknife::query(...)
     7. +-geoknife:::gcontent(gGET(url))
     8. | +-xml2::read_xml(...)
     9. | +-base::iconv(...)
     10. | \-base::readBin(response$content, character())
     11. \-geoknife:::gGET(url)
     12. \-geoknife:::retryVERB(httr::GET, url, ...)
    
     [ FAIL 1 | WARN 0 | SKIP 67 | PASS 70 ]
     Error: Test failures
     Execution halted
Flavor: r-devel-linux-x86_64-debian-clang

Version: 1.6.5
Check: tests
Result: ERROR
     Running 'testthat.R'
    Running the tests in 'tests/testthat.R' failed.
    Last 13 lines of output:
     2. | \-testthat::quasi_label(enquo(object), label, arg = "object")
     3. | \-rlang::eval_bare(expr, quo_get_env(quo))
     4. +-base::duplicated(...)
     5. +-geoknife::query(...)
     6. \-geoknife::query(...)
     7. +-geoknife:::gcontent(gGET(url))
     8. | +-xml2::read_xml(...)
     9. | +-base::iconv(...)
     10. | \-base::readBin(response$content, character())
     11. \-geoknife:::gGET(url)
     12. \-geoknife:::retryVERB(httr::GET, url, ...)
    
     [ FAIL 1 | WARN 0 | SKIP 67 | PASS 70 ]
     Error: Test failures
     Execution halted
Flavor: r-devel-windows-x86_64-gcc10-UCRT

Version: 1.6.5
Check: tests
Result: ERROR
     Running ‘testthat.R’ [0m/10m]
    Running the tests in ‘tests/testthat.R’ failed.
    Complete output:
     > library(testthat)
     > test_check('geoknife')
     Loading required package: geoknife
    
     Attaching package: 'geoknife'
    
     The following object is masked from 'package:stats':
    
     start
    
     The following object is masked from 'package:graphics':
    
     title
    
     The following object is masked from 'package:base':
    
     url
    
     ══ Skipped tests ═══════════════════════════════════════════════════════════════
     • On CRAN (67)
    
     ══ Failed tests ════════════════════════════════════════════════════════════════
     ── Error (test-query_webgeom.R:32:3): query values returns only unique ─────────
     Error: Empty reply from server
     Backtrace:
     █
     1. ├─testthat::expect_false(...) test-query_webgeom.R:32:2
     2. │ └─testthat::quasi_label(enquo(object), label, arg = "object")
     3. │ └─rlang::eval_bare(expr, quo_get_env(quo))
     4. ├─base::duplicated(...)
     5. ├─geoknife::query(...)
     6. └─geoknife::query(...)
     7. ├─geoknife:::gcontent(gGET(url))
     8. │ ├─xml2::read_xml(...)
     9. │ ├─base::iconv(...)
     10. │ └─base::readBin(response$content, character())
     11. └─geoknife:::gGET(url)
     12. └─geoknife:::retryVERB(httr::GET, url, ...)
    
     [ FAIL 1 | WARN 0 | SKIP 67 | PASS 70 ]
     Error: Test failures
     Execution halted
Flavor: r-release-linux-x86_64

Version: 1.6.5
Check: package dependencies
Result: NOTE
    Package suggested but not available for checking: ‘rgdal’
Flavor: r-release-macos-arm64