CRAN Package Check Results for Package geojsonsf

Last updated on 2022-01-22 14:00:10 CET.

Flavor Version Tinstall Tcheck Ttotal Status Flags
r-devel-linux-x86_64-debian-clang 2.0.1 89.36 41.73 131.09 OK
r-devel-linux-x86_64-debian-gcc 2.0.1 65.90 31.91 97.81 OK
r-devel-linux-x86_64-fedora-clang 2.0.1 196.96 NOTE
r-devel-linux-x86_64-fedora-gcc 2.0.1 171.00 OK
r-devel-windows-x86_64-new-UL 2.0.1 132.00 88.00 220.00 OK
r-devel-windows-x86_64-new-TK 2.0.1 OK
r-patched-linux-x86_64 2.0.1 75.45 39.37 114.82 OK
r-release-linux-x86_64 2.0.1 77.89 39.99 117.88 OK
r-release-macos-arm64 2.0.1 NOTE
r-release-macos-x86_64 2.0.1 NOTE
r-release-windows-ix86+x86_64 2.0.1 202.00 85.00 287.00 OK
r-oldrel-macos-x86_64 2.0.1 NOTE
r-oldrel-windows-ix86+x86_64 2.0.1 201.00 82.00 283.00 OK

Check Details

Version: 2.0.1
Check: installed package size
Result: NOTE
     installed size is 7.9Mb
     sub-directories of 1Mb or more:
     help 1.3Mb
     libs 5.7Mb
Flavors: r-devel-linux-x86_64-fedora-clang, r-release-macos-arm64, r-release-macos-x86_64, r-oldrel-macos-x86_64