CRAN Package Check Results for Package geodrawr

Last updated on 2022-09-26 19:50:37 CEST.

Flavor Version Tinstall Tcheck Ttotal Status Flags
r-devel-linux-x86_64-debian-clang 2.0.0 4.77 65.21 69.98 NOTE
r-devel-linux-x86_64-debian-gcc 2.0.0 5.82 48.22 54.04 NOTE
r-devel-linux-x86_64-fedora-clang 2.0.0 97.01 NOTE
r-devel-linux-x86_64-fedora-gcc 2.0.0 96.94 NOTE
r-devel-windows-x86_64 2.0.0 13.00 84.00 97.00 NOTE
r-patched-linux-x86_64 2.0.0 6.74 61.25 67.99 NOTE
r-release-linux-x86_64 2.0.0 5.97 61.74 67.71 NOTE
r-release-macos-arm64 2.0.0 25.00 NOTE
r-release-macos-x86_64 2.0.0 59.00 NOTE
r-release-windows-x86_64 2.0.0 14.00 90.00 104.00 NOTE
r-oldrel-macos-arm64 2.0.0 31.00 NOTE
r-oldrel-macos-x86_64 2.0.0 36.00 NOTE
r-oldrel-windows-ix86+x86_64 2.0.0 19.00 85.00 104.00 NOTE

Check Details

Version: 2.0.0
Check: LazyData
Result: NOTE
     'LazyData' is specified without a 'data' directory
Flavors: r-devel-linux-x86_64-debian-clang, r-devel-linux-x86_64-debian-gcc, r-devel-linux-x86_64-fedora-clang, r-devel-linux-x86_64-fedora-gcc, r-devel-windows-x86_64, r-patched-linux-x86_64, r-release-linux-x86_64, r-release-macos-arm64, r-release-macos-x86_64, r-release-windows-x86_64, r-oldrel-macos-arm64, r-oldrel-macos-x86_64, r-oldrel-windows-ix86+x86_64