CRAN Package Check Results for Package geocmeans

Last updated on 2022-09-27 00:51:03 CEST.

Flavor Version Tinstall Tcheck Ttotal Status Flags
r-devel-linux-x86_64-debian-clang 0.2.2 144.56 797.81 942.37 OK
r-devel-linux-x86_64-debian-gcc 0.2.2 111.70 547.06 658.76 OK
r-devel-linux-x86_64-fedora-clang 0.2.2 1170.13 NOTE
r-devel-linux-x86_64-fedora-gcc 0.2.2 1164.09 OK
r-devel-windows-x86_64 0.2.2 236.00 863.00 1099.00 NOTE
r-patched-linux-x86_64 0.2.2 115.95 719.23 835.18 OK
r-release-linux-x86_64 0.2.2 102.88 724.87 827.75 OK
r-release-macos-arm64 0.2.2 226.00 NOTE
r-release-macos-x86_64 0.2.2 388.00 NOTE
r-release-windows-x86_64 0.2.2 195.00 892.00 1087.00 NOTE
r-oldrel-macos-arm64 0.2.2 202.00 NOTE
r-oldrel-macos-x86_64 0.2.2 400.00 NOTE
r-oldrel-windows-ix86+x86_64 0.2.2 338.00 1191.00 1529.00 NOTE

Check Details

Version: 0.2.2
Check: installed package size
Result: NOTE
     installed size is 5.8Mb
     sub-directories of 1Mb or more:
     data 2.3Mb
     doc 1.9Mb
Flavors: r-devel-linux-x86_64-fedora-clang, r-devel-windows-x86_64, r-release-macos-arm64, r-release-macos-x86_64, r-release-windows-x86_64, r-oldrel-macos-arm64, r-oldrel-macos-x86_64, r-oldrel-windows-ix86+x86_64