CRAN Package Check Results for Package genlogis

Last updated on 2023-03-30 12:55:10 CEST.

Flavor Version Tinstall Tcheck Ttotal Status Flags
r-devel-linux-x86_64-debian-clang 1.0.0 6.56 55.59 62.15 NOTE
r-devel-linux-x86_64-debian-gcc 1.0.0 5.84 41.88 47.72 NOTE
r-devel-linux-x86_64-fedora-clang 1.0.0 77.94 NOTE
r-devel-linux-x86_64-fedora-gcc 1.0.0 72.56 NOTE
r-devel-windows-x86_64 1.0.0 19.00 0.00 19.00 NOTE
r-patched-linux-x86_64 1.0.0 6.04 51.82 57.86 NOTE
r-release-linux-x86_64 1.0.0 6.60 53.56 60.16 NOTE
r-release-macos-arm64 1.0.0 49.00 NOTE
r-release-macos-x86_64 1.0.0 57.00 NOTE
r-release-windows-x86_64 1.0.0 16.00 98.00 114.00 NOTE
r-oldrel-macos-arm64 1.0.0 39.00 NOTE
r-oldrel-macos-x86_64 1.0.0 73.00 NOTE
r-oldrel-windows-ix86+x86_64 1.0.0 16.00 166.00 182.00 NOTE

Additional issues

donttest

Check Details

Version: 1.0.0
Check: LazyData
Result: NOTE
     'LazyData' is specified without a 'data' directory
Flavors: r-devel-linux-x86_64-debian-clang, r-devel-linux-x86_64-debian-gcc, r-devel-linux-x86_64-fedora-clang, r-devel-linux-x86_64-fedora-gcc, r-devel-windows-x86_64, r-patched-linux-x86_64, r-release-linux-x86_64, r-release-macos-arm64, r-release-macos-x86_64, r-release-windows-x86_64, r-oldrel-macos-arm64, r-oldrel-macos-x86_64, r-oldrel-windows-ix86+x86_64