CRAN Package Check Results for Package genio

Last updated on 2024-02-25 21:49:34 CET.

Flavor Version Tinstall Tcheck Ttotal Status Flags
r-devel-linux-x86_64-debian-clang 1.1.2 39.87 56.14 96.01 OK
r-devel-linux-x86_64-debian-gcc 1.1.2 27.40 43.48 70.88 OK
r-devel-linux-x86_64-fedora-clang 1.1.2 132.93 OK
r-devel-linux-x86_64-fedora-gcc 1.1.2 148.93 OK
r-devel-windows-x86_64 1.1.2 32.00 91.00 123.00 OK
r-patched-linux-x86_64 1.1.2 31.68 55.51 87.19 OK
r-release-linux-x86_64 1.1.2 29.99 56.01 86.00 OK
r-release-macos-arm64 1.1.2 43.00 NOTE
r-release-macos-x86_64 1.1.2 73.00 OK
r-release-windows-x86_64 1.1.2 40.00 107.00 147.00 OK
r-oldrel-macos-arm64 1.1.2 44.00 OK
r-oldrel-windows-x86_64 1.1.2 37.00 94.00 131.00 OK

Check Details

Version: 1.1.2
Check: package dependencies
Result: NOTE Package suggested but not available for checking: ‘snpStats’ Flavor: r-release-macos-arm64