Last updated on 2023-04-02 00:57:33 CEST.
Flavor | Version | Tinstall | Tcheck | Ttotal | Status | Flags |
---|---|---|---|---|---|---|
r-devel-linux-x86_64-debian-clang | 0.4.0 | 12.99 | 171.52 | 184.51 | OK | |
r-devel-linux-x86_64-debian-gcc | 0.4.0 | 11.60 | 124.82 | 136.42 | OK | |
r-devel-linux-x86_64-fedora-clang | 0.4.0 | 229.88 | NOTE | |||
r-devel-linux-x86_64-fedora-gcc | 0.4.0 | 242.52 | NOTE | |||
r-devel-windows-x86_64 | 0.4.0 | 25.00 | 184.00 | 209.00 | OK | |
r-patched-linux-x86_64 | 0.4.0 | 12.42 | 154.62 | 167.04 | OK | |
r-release-linux-x86_64 | 0.4.0 | 13.46 | 162.47 | 175.93 | OK | |
r-release-macos-arm64 | 0.4.0 | 37.00 | NOTE | |||
r-release-macos-x86_64 | 0.4.0 | 69.00 | NOTE | |||
r-release-windows-x86_64 | 0.4.0 | 44.00 | 195.00 | 239.00 | OK | |
r-oldrel-macos-arm64 | 0.4.0 | 42.00 | NOTE | |||
r-oldrel-macos-x86_64 | 0.4.0 | 71.00 | NOTE | |||
r-oldrel-windows-ix86+x86_64 | 0.4.0 | 41.00 | 183.00 | 224.00 | OK |
Version: 0.4.0
Check: dependencies in R code
Result: NOTE
Namespaces in Imports field not imported from:
‘GGEBiplots’ ‘calibrate’ ‘graphics’ ‘matrixStats’ ‘prettydoc’
‘reshape2’
All declared Imports should be used.
Flavors: r-devel-linux-x86_64-fedora-clang, r-devel-linux-x86_64-fedora-gcc, r-release-macos-arm64, r-release-macos-x86_64, r-oldrel-macos-arm64, r-oldrel-macos-x86_64