CRAN Package Check Results for Package genepop

Last updated on 2022-09-28 18:48:56 CEST.

Flavor Version Tinstall Tcheck Ttotal Status Flags
r-devel-linux-x86_64-debian-clang 1.1.7 137.63 50.84 188.47 NOTE
r-devel-linux-x86_64-debian-gcc 1.1.7 114.91 32.77 147.68 NOTE
r-devel-linux-x86_64-fedora-clang 1.1.7 302.07 NOTE
r-devel-linux-x86_64-fedora-gcc 1.1.7 276.67 NOTE
r-devel-windows-x86_64 1.1.7 175.00 95.00 270.00 NOTE
r-patched-linux-x86_64 1.1.7 136.32 40.84 177.16 NOTE
r-release-linux-x86_64 1.1.7 117.28 41.07 158.35 NOTE
r-release-macos-arm64 1.1.7 67.00 NOTE
r-release-macos-x86_64 1.1.7 82.00 NOTE
r-release-windows-x86_64 1.1.7 208.00 101.00 309.00 NOTE
r-oldrel-macos-arm64 1.1.7 79.00 NOTE
r-oldrel-macos-x86_64 1.1.7 117.00 NOTE
r-oldrel-windows-ix86+x86_64 1.1.7 326.00 103.00 429.00 NOTE

Check Details

Version: 1.1.7
Check: LazyData
Result: NOTE
     'LazyData' is specified without a 'data' directory
Flavors: r-devel-linux-x86_64-debian-clang, r-devel-linux-x86_64-debian-gcc, r-devel-linux-x86_64-fedora-clang, r-devel-linux-x86_64-fedora-gcc, r-devel-windows-x86_64, r-patched-linux-x86_64, r-release-linux-x86_64, r-release-macos-arm64, r-release-macos-x86_64, r-release-windows-x86_64, r-oldrel-macos-arm64, r-oldrel-macos-x86_64, r-oldrel-windows-ix86+x86_64

Version: 1.1.7
Check: installed package size
Result: NOTE
     installed size is 11.3Mb
     sub-directories of 1Mb or more:
     libs 9.3Mb
Flavors: r-release-macos-arm64, r-release-macos-x86_64, r-oldrel-macos-arm64, r-oldrel-macos-x86_64, r-oldrel-windows-ix86+x86_64