CRAN Package Check Results for Package geneExpressionFromGEO

Last updated on 2022-10-02 21:53:42 CEST.

Flavor Version Tinstall Tcheck Ttotal Status Flags
r-devel-linux-x86_64-debian-clang 0.9 2.63 38.03 40.66 OK
r-devel-linux-x86_64-debian-gcc 0.9 1.94 29.14 31.08 OK
r-devel-linux-x86_64-fedora-clang 0.9 62.76 NOTE
r-devel-linux-x86_64-fedora-gcc 0.9 59.61 NOTE
r-devel-windows-x86_64 0.9 31.00 276.00 307.00 OK
r-patched-linux-x86_64 0.9 1.42 36.54 37.96 OK
r-release-linux-x86_64 0.9 1.54 36.01 37.55 OK
r-release-macos-arm64 0.9 29.00 NOTE
r-release-macos-x86_64 0.9 39.00 NOTE
r-release-windows-x86_64 0.9 61.00 144.00 205.00 OK
r-oldrel-macos-arm64 0.9 29.00 NOTE
r-oldrel-macos-x86_64 0.9 38.00 NOTE
r-oldrel-windows-ix86+x86_64 0.9 7.00 59.00 66.00 OK

Check Details

Version: 0.9
Check: dependencies in R code
Result: NOTE
    Namespaces in Imports field not imported from:
     ‘BiocManager’ ‘R.utils’ ‘markdown’
     All declared Imports should be used.
Flavors: r-devel-linux-x86_64-fedora-clang, r-devel-linux-x86_64-fedora-gcc, r-release-macos-arm64, r-release-macos-x86_64, r-oldrel-macos-arm64, r-oldrel-macos-x86_64