CRAN Package Check Results for Package genTS

Last updated on 2021-06-21 07:48:44 CEST.

Flavor Version Tinstall Tcheck Ttotal Status Flags
r-devel-linux-x86_64-debian-clang 0.1.3 1.91 21.26 23.17 NOTE
r-devel-linux-x86_64-debian-gcc 0.1.3 1.68 17.19 18.87 NOTE
r-devel-linux-x86_64-fedora-clang 0.1.3 37.72 NOTE
r-devel-linux-x86_64-fedora-gcc 0.1.3 27.39 NOTE
r-devel-windows-x86_64 0.1.3 4.00 28.00 32.00 NOTE
r-devel-windows-x86_64-gcc10-UCRT 0.1.3 NOTE
r-patched-linux-x86_64 0.1.3 1.85 20.85 22.70 NOTE
r-patched-solaris-x86 0.1.3 42.00 NOTE
r-release-linux-x86_64 0.1.3 1.94 21.24 23.18 NOTE
r-release-macos-arm64 0.1.3 NOTE
r-release-macos-x86_64 0.1.3 NOTE
r-release-windows-ix86+x86_64 0.1.3 6.00 38.00 44.00 NOTE
r-oldrel-macos-x86_64 0.1.3 OK

Check Details

Version: 0.1.3
Check: LazyData
Result: NOTE
     'LazyData' is specified without a 'data' directory
Flavors: r-devel-linux-x86_64-debian-clang, r-devel-linux-x86_64-debian-gcc, r-devel-linux-x86_64-fedora-clang, r-devel-linux-x86_64-fedora-gcc, r-devel-windows-x86_64, r-devel-windows-x86_64-gcc10-UCRT, r-patched-linux-x86_64, r-patched-solaris-x86, r-release-linux-x86_64, r-release-macos-arm64, r-release-macos-x86_64, r-release-windows-ix86+x86_64