CRAN Package Check Results for Package genBaRcode

Last updated on 2022-09-28 21:51:37 CEST.

Flavor Version Tinstall Tcheck Ttotal Status Flags
r-devel-linux-x86_64-debian-clang 1.2.5 11.35 303.50 314.85 OK
r-devel-linux-x86_64-debian-gcc 1.2.5 8.96 259.38 268.34 OK
r-devel-linux-x86_64-fedora-clang 1.2.5 396.23 NOTE
r-devel-linux-x86_64-fedora-gcc 1.2.5 395.52 OK
r-devel-windows-x86_64 1.2.5 51.00 447.00 498.00 OK
r-patched-linux-x86_64 1.2.5 10.83 310.26 321.09 OK
r-release-linux-x86_64 1.2.5 9.06 318.21 327.27 OK
r-release-macos-arm64 1.2.5 136.00 OK
r-release-macos-x86_64 1.2.5 155.00 OK
r-release-windows-x86_64 1.2.5 66.00 444.00 510.00 OK
r-oldrel-macos-arm64 1.2.5 124.00 OK
r-oldrel-macos-x86_64 1.2.5 144.00 OK
r-oldrel-windows-ix86+x86_64 1.2.5 27.00 401.00 428.00 OK

Check Details

Version: 1.2.5
Check: package dependencies
Result: NOTE
    Imports includes 22 non-default packages.
    Importing from so many packages makes the package vulnerable to any of
    them becoming unavailable. Move as many as possible to Suggests and
    use conditionally.
Flavor: r-devel-linux-x86_64-fedora-clang