CRAN Package Check Results for Package gdm

Last updated on 2022-10-07 12:55:01 CEST.

Flavor Version Tinstall Tcheck Ttotal Status Flags
r-devel-linux-x86_64-debian-clang 1.5.0-3 54.50 349.77 404.27 OK
r-devel-linux-x86_64-debian-gcc 1.5.0-3 39.67 252.00 291.67 NOTE
r-devel-linux-x86_64-fedora-clang 1.5.0-3 490.63 OK
r-devel-linux-x86_64-fedora-gcc 1.5.0-3 495.07 OK
r-devel-windows-x86_64 1.5.0-3 56.00 340.00 396.00 NOTE
r-patched-linux-x86_64 1.5.0-3 40.56 331.11 371.67 OK
r-release-linux-x86_64 1.5.0-3 45.75 332.01 377.76 OK
r-release-macos-arm64 1.5.0-3 87.00 OK
r-release-macos-x86_64 1.5.0-3 138.00 OK
r-release-windows-x86_64 1.5.0-3 58.00 345.00 403.00 NOTE
r-oldrel-macos-arm64 1.5.0-3 85.00 OK
r-oldrel-macos-x86_64 1.5.0-3 126.00 OK
r-oldrel-windows-ix86+x86_64 1.5.0-3 120.00 469.00 589.00 NOTE

Check Details

Version: 1.5.0-3
Check: compilation flags used
Result: NOTE
    Compilation used the following non-portable flag(s):
     ‘-Wstrict-prototypes’
Flavor: r-devel-linux-x86_64-debian-gcc

Version: 1.5.0-3
Check: installed package size
Result: NOTE
     installed size is 5.0Mb
     sub-directories of 1Mb or more:
     extdata 3.0Mb
Flavors: r-devel-windows-x86_64, r-release-windows-x86_64, r-oldrel-windows-ix86+x86_64