Last updated on 2023-03-21 21:57:07 CET.
Flavor | Version | Tinstall | Tcheck | Ttotal | Status | Flags |
---|---|---|---|---|---|---|
r-devel-linux-x86_64-debian-clang | 0.2-5 | 3.87 | 33.40 | 37.27 | OK | |
r-devel-linux-x86_64-debian-gcc | 0.2-5 | 2.97 | 26.33 | 29.30 | OK | |
r-devel-linux-x86_64-fedora-clang | 0.2-5 | 48.49 | OK | |||
r-devel-linux-x86_64-fedora-gcc | 0.2-5 | 45.13 | OK | |||
r-devel-windows-x86_64 | 0.2-5 | 19.00 | 62.00 | 81.00 | OK | |
r-patched-linux-x86_64 | 0.2-5 | 3.90 | 34.04 | 37.94 | OK | |
r-release-linux-x86_64 | 0.2-5 | 3.71 | 33.98 | 37.69 | OK | |
r-release-macos-arm64 | 0.2-5 | 19.00 | OK | |||
r-release-macos-x86_64 | 0.2-5 | 28.00 | OK | |||
r-release-windows-x86_64 | 0.2-5 | 18.00 | 67.00 | 85.00 | OK | |
r-oldrel-macos-arm64 | 0.2-5 | 19.00 | OK | |||
r-oldrel-macos-x86_64 | 0.2-5 | 31.00 | OK | |||
r-oldrel-windows-ix86+x86_64 | 0.2-5 | 9.00 | 64.00 | 73.00 | NOTE |
Version: 0.2-5
Check: dependencies in R code
Result: NOTE
Initiating curl with CURL_SSL_BACKEND: openssl
Flavor: r-oldrel-windows-ix86+x86_64