Last updated on 2023-02-08 06:56:26 CET.
Flavor | Version | Tinstall | Tcheck | Ttotal | Status | Flags |
---|---|---|---|---|---|---|
r-devel-linux-x86_64-debian-clang | 0.6.3 | 457.84 | 169.48 | 627.32 | NOTE | |
r-devel-linux-x86_64-debian-gcc | 0.6.3 | 425.54 | 128.76 | 554.30 | NOTE | |
r-devel-linux-x86_64-fedora-clang | 0.6.3 | 772.13 | NOTE | |||
r-devel-linux-x86_64-fedora-gcc | 0.6.3 | 942.66 | NOTE | |||
r-devel-windows-x86_64 | 0.6.3 | 2006.00 | 814.00 | 2820.00 | NOTE | |
r-patched-linux-x86_64 | 0.6.3 | 428.85 | 168.23 | 597.08 | OK | |
r-release-linux-x86_64 | 0.6.3 | 426.30 | 166.98 | 593.28 | OK | |
r-release-macos-arm64 | 0.6.3 | 229.00 | NOTE | |||
r-release-macos-x86_64 | 0.6.3 | 318.00 | NOTE | |||
r-release-windows-x86_64 | 0.6.3 | 2168.00 | 808.00 | 2976.00 | NOTE | |
r-oldrel-macos-arm64 | 0.6.3 | 205.00 | NOTE | |||
r-oldrel-macos-x86_64 | 0.6.3 | 320.00 | NOTE | |||
r-oldrel-windows-ix86+x86_64 | 0.6.3 | 1073.00 | 793.00 | 1866.00 | NOTE |
Version: 0.6.3
Check: C++ specification
Result: NOTE
Specified C++11: please update to current default of C++17
Flavors: r-devel-linux-x86_64-debian-clang, r-devel-windows-x86_64
Version: 0.6.3
Check: C++ specification
Result: NOTE
Specified C++11: please drop specification unless essential
Flavors: r-devel-linux-x86_64-debian-gcc, r-devel-linux-x86_64-fedora-clang, r-devel-linux-x86_64-fedora-gcc
Version: 0.6.3
Check: installed package size
Result: NOTE
installed size is 6.8Mb
sub-directories of 1Mb or more:
L8NY18 2.3Mb
libs 3.3Mb
Flavors: r-devel-linux-x86_64-fedora-clang, r-devel-windows-x86_64, r-release-macos-arm64, r-release-macos-x86_64, r-release-windows-x86_64, r-oldrel-macos-arm64, r-oldrel-macos-x86_64, r-oldrel-windows-ix86+x86_64