CRAN Package Check Results for Package gconsensus

Last updated on 2021-09-19 13:49:08 CEST.

Flavor Version Tinstall Tcheck Ttotal Status Flags
r-devel-linux-x86_64-debian-clang 0.3.0 6.55 39.41 45.96 OK
r-devel-linux-x86_64-debian-gcc 0.3.0 5.19 29.65 34.84 OK
r-devel-linux-x86_64-fedora-clang 0.3.0 63.60 OK
r-devel-linux-x86_64-fedora-gcc 0.3.0 53.18 OK
r-devel-windows-x86_64 0.3.0 8.00 54.00 62.00 OK
r-devel-windows-x86_64-gcc10-UCRT 0.3.0 ERROR
r-patched-linux-x86_64 0.3.0 6.48 38.23 44.71 OK
r-patched-solaris-x86 0.3.0 74.20 OK
r-release-linux-x86_64 0.3.0 5.87 38.03 43.90 OK
r-release-macos-arm64 0.3.0 OK
r-release-macos-x86_64 0.3.0 OK
r-release-windows-ix86+x86_64 0.3.0 12.00 40.00 52.00 OK
r-oldrel-macos-x86_64 0.3.0 OK
r-oldrel-windows-ix86+x86_64 0.3.0 11.00 40.00 51.00 OK

Check Details

Version: 0.3.0
Check: whether package can be installed
Result: WARN
    Found the following significant warnings:
     WARNING: installation-time patches will not be applied, could not get the patches index
Flavor: r-devel-windows-x86_64-gcc10-UCRT

Version: 0.3.0
Check: PDF version of manual
Result: WARN
    LaTeX errors when creating PDF version.
    This typically indicates Rd problems.
Flavor: r-devel-windows-x86_64-gcc10-UCRT

Version: 0.3.0
Check: PDF version of manual without hyperrefs or index
Result: ERROR
    Re-running with no redirection of stdout/stderr.
Flavor: r-devel-windows-x86_64-gcc10-UCRT