CRAN Package Check Results for Package gcdnet

Last updated on 2021-09-19 13:49:08 CEST.

Flavor Version Tinstall Tcheck Ttotal Status Flags
r-devel-linux-x86_64-debian-clang 1.0.5 10.54 68.26 78.80 OK
r-devel-linux-x86_64-debian-gcc 1.0.5 9.22 52.76 61.98 OK
r-devel-linux-x86_64-fedora-clang 1.0.5 105.13 OK
r-devel-linux-x86_64-fedora-gcc 1.0.5 93.70 OK
r-devel-windows-x86_64 1.0.5 14.00 95.00 109.00 OK
r-devel-windows-x86_64-gcc10-UCRT 1.0.5 ERROR
r-patched-linux-x86_64 1.0.5 9.23 66.56 75.79 OK
r-patched-solaris-x86 1.0.5 136.80 OK
r-release-linux-x86_64 1.0.5 8.91 65.67 74.58 OK
r-release-macos-arm64 1.0.5 OK
r-release-macos-x86_64 1.0.5 OK
r-release-windows-ix86+x86_64 1.0.5 29.00 94.00 123.00 OK
r-oldrel-macos-x86_64 1.0.5 OK
r-oldrel-windows-ix86+x86_64 1.0.5 29.00 97.00 126.00 OK

Check Details

Version: 1.0.5
Check: whether package can be installed
Result: ERROR
    Installation failed.
Flavor: r-devel-windows-x86_64-gcc10-UCRT