CRAN Package Check Results for Package gbm.auto

Last updated on 2021-06-20 07:50:08 CEST.

Flavor Version Tinstall Tcheck Ttotal Status Flags
r-devel-linux-x86_64-debian-clang 1.4.1 21.31 170.33 191.64 OK
r-devel-linux-x86_64-debian-gcc 1.4.1 18.90 128.56 147.46 OK
r-devel-linux-x86_64-fedora-clang 1.4.1 239.94 OK
r-devel-linux-x86_64-fedora-gcc 1.4.1 229.94 OK
r-devel-windows-x86_64 1.4.1 36.00 241.00 277.00 OK
r-devel-windows-x86_64-gcc10-UCRT 1.4.1 ERROR
r-patched-linux-x86_64 1.4.1 21.50 163.06 184.56 OK
r-patched-solaris-x86 1.4.1 335.00 OK
r-release-linux-x86_64 1.4.1 20.03 163.92 183.95 OK
r-release-macos-arm64 1.4.1 OK
r-release-macos-x86_64 1.4.1 OK
r-release-windows-ix86+x86_64 1.4.1 57.00 232.00 289.00 OK
r-oldrel-macos-x86_64 1.4.1 OK
r-oldrel-windows-ix86+x86_64 1.4.1 39.00 158.00 197.00 OK

Check Details

Version: 1.4.1
Check: package dependencies
Result: ERROR
    Package required but not available: 'sf'
    
    See section 'The DESCRIPTION file' in the 'Writing R Extensions'
    manual.
Flavor: r-devel-windows-x86_64-gcc10-UCRT