CRAN Package Check Results for Package gaussfacts

Last updated on 2024-02-21 12:53:00 CET.

Flavor Version Tinstall Tcheck Ttotal Status Flags
r-devel-linux-x86_64-debian-clang 0.0.2 OK
r-devel-linux-x86_64-debian-gcc 0.0.2 1.47 15.16 16.63 OK
r-devel-linux-x86_64-fedora-clang 0.0.2 26.51 NOTE
r-devel-linux-x86_64-fedora-gcc 0.0.2 25.28 OK
r-devel-windows-x86_64 0.0.2 3.00 33.00 36.00 OK
r-patched-linux-x86_64 0.0.2 1.62 19.08 20.70 OK
r-release-linux-x86_64 0.0.2 1.94 18.75 20.69 OK
r-release-macos-arm64 0.0.2 14.00 OK
r-release-macos-x86_64 0.0.2 18.00 OK
r-release-windows-x86_64 0.0.2 3.00 32.00 35.00 OK
r-oldrel-macos-arm64 0.0.2 15.00 OK
r-oldrel-windows-x86_64 0.0.2 4.00 40.00 44.00 OK

Check Details

Version: 0.0.2
Check: Rd cross-references
Result: NOTE Undeclared packages ‘fortunes’, ‘rmsfact’ in Rd xrefs Flavor: r-devel-linux-x86_64-fedora-clang