CRAN Package Check Results for Package gargle

Last updated on 2021-08-05 07:49:26 CEST.

Flavor Version Tinstall Tcheck Ttotal Status Flags
r-devel-linux-x86_64-debian-clang 1.2.0 8.64 64.26 72.90 OK
r-devel-linux-x86_64-debian-gcc 1.2.0 5.73 49.20 54.93 OK
r-devel-linux-x86_64-fedora-clang 1.2.0 94.56 OK
r-devel-linux-x86_64-fedora-gcc 1.2.0 86.06 OK
r-devel-windows-x86_64 1.2.0 12.00 88.00 100.00 OK
r-devel-windows-x86_64-gcc10-UCRT 1.2.0 ERROR
r-patched-linux-x86_64 1.2.0 10.91 60.88 71.79 OK
r-patched-solaris-x86 1.2.0 111.60 OK
r-release-linux-x86_64 1.2.0 6.70 61.87 68.57 OK
r-release-macos-arm64 1.2.0 OK
r-release-macos-x86_64 1.2.0 OK
r-release-windows-ix86+x86_64 1.2.0 14.00 89.00 103.00 OK
r-oldrel-macos-x86_64 1.2.0 OK
r-oldrel-windows-ix86+x86_64 1.2.0 12.00 74.00 86.00 OK

Check Details

Version: 1.2.0
Check: package dependencies
Result: ERROR
    Package required but not available: 'cli'
    
    Package suggested but not available for checking: 'testthat'
    
    See section 'The DESCRIPTION file' in the 'Writing R Extensions'
    manual.
Flavor: r-devel-windows-x86_64-gcc10-UCRT