CRAN Package Check Results for Package gapfill

Last updated on 2024-02-29 06:54:08 CET.

Flavor Version Tinstall Tcheck Ttotal Status Flags
r-devel-linux-x86_64-debian-clang 0.9.6-1 29.82 156.08 185.90 NOTE
r-devel-linux-x86_64-debian-gcc 0.9.6-1 22.88 117.21 140.09 NOTE
r-devel-linux-x86_64-fedora-clang 0.9.6-1 236.94 NOTE
r-devel-linux-x86_64-fedora-gcc 0.9.6-1 230.13 NOTE
r-devel-windows-x86_64 0.9.6-1 27.00 144.00 171.00 OK
r-patched-linux-x86_64 0.9.6-1 28.22 151.74 179.96 OK
r-release-linux-x86_64 0.9.6-1 28.93 150.28 179.21 OK
r-release-macos-arm64 0.9.6-1 70.00 NOTE
r-release-macos-x86_64 0.9.6-1 112.00 NOTE
r-release-windows-x86_64 0.9.6-1 36.00 174.00 210.00 OK
r-oldrel-macos-arm64 0.9.6-1 69.00 NOTE
r-oldrel-windows-x86_64 0.9.6-1 33.00 163.00 196.00 OK

Check Details

Version: 0.9.6-1
Check: Rd files
Result: NOTE checkRd: (-1) Gapfill.Rd:66-68: Lost braces in \itemize; \value handles \item{}{} directly checkRd: (-1) Gapfill.Rd:69-70: Lost braces in \itemize; \value handles \item{}{} directly checkRd: (-1) Gapfill.Rd:71-77: Lost braces in \itemize; \value handles \item{}{} directly checkRd: (-1) Gapfill.Rd:72: Lost braces in \itemize; \value handles \item{}{} directly checkRd: (-1) Gapfill.Rd:73: Lost braces in \itemize; \value handles \item{}{} directly checkRd: (-1) Gapfill.Rd:74: Lost braces in \itemize; \value handles \item{}{} directly checkRd: (-1) Gapfill.Rd:75: Lost braces in \itemize; \value handles \item{}{} directly checkRd: (-1) Gapfill.Rd:78: Lost braces in \itemize; \value handles \item{}{} directly checkRd: (-1) ndvi.Rd:10: Lost braces in \itemize; meant \describe ? checkRd: (-1) ndvi.Rd:11: Lost braces in \itemize; meant \describe ? checkRd: (-1) ndvi.Rd:12: Lost braces in \itemize; meant \describe ? checkRd: (-1) ndvi.Rd:13: Lost braces in \itemize; meant \describe ? Flavors: r-devel-linux-x86_64-debian-clang, r-devel-linux-x86_64-debian-gcc, r-devel-linux-x86_64-fedora-clang, r-devel-linux-x86_64-fedora-gcc

Version: 0.9.6-1
Check: package dependencies
Result: NOTE Package which this enhances but not available for checking: ‘doMPI’ Flavors: r-release-macos-arm64, r-release-macos-x86_64, r-oldrel-macos-arm64