CRAN Package Check Results for Package gamselBayes

Last updated on 2022-10-02 12:55:53 CEST.

Flavor Version Tinstall Tcheck Ttotal Status Flags
r-devel-linux-x86_64-debian-clang 1.0-2 157.47 55.94 213.41 OK
r-devel-linux-x86_64-debian-gcc 1.0-2 118.52 42.30 160.82 OK
r-devel-linux-x86_64-fedora-clang 1.0-2 338.66 NOTE
r-devel-linux-x86_64-fedora-gcc 1.0-2 301.13 NOTE
r-devel-windows-x86_64 1.0-2 150.00 110.00 260.00 OK
r-patched-linux-x86_64 1.0-2 129.03 54.36 183.39 OK
r-release-linux-x86_64 1.0-2 121.46 53.71 175.17 OK
r-release-macos-arm64 1.0-2 65.00 NOTE
r-release-macos-x86_64 1.0-2 87.00 NOTE
r-release-windows-x86_64 1.0-2 165.00 112.00 277.00 OK
r-oldrel-macos-arm64 1.0-2 58.00 NOTE
r-oldrel-macos-x86_64 1.0-2 90.00 NOTE
r-oldrel-windows-ix86+x86_64 1.0-2 379.00 105.00 484.00 OK

Check Details

Version: 1.0-2
Check: dependencies in R code
Result: NOTE
    Namespace in Imports field not imported from: ‘methods’
     All declared Imports should be used.
Flavors: r-devel-linux-x86_64-fedora-clang, r-devel-linux-x86_64-fedora-gcc, r-release-macos-arm64, r-release-macos-x86_64, r-oldrel-macos-arm64, r-oldrel-macos-x86_64

Version: 1.0-2
Check: installed package size
Result: NOTE
     installed size is 8.1Mb
     sub-directories of 1Mb or more:
     doc 2.3Mb
     libs 5.6Mb
Flavors: r-release-macos-arm64, r-release-macos-x86_64, r-oldrel-macos-arm64, r-oldrel-macos-x86_64