CRAN Package Check Results for Package gamlss.lasso

Last updated on 2023-01-31 19:07:25 CET.

Flavor Version Tinstall Tcheck Ttotal Status Flags
r-devel-linux-x86_64-debian-clang 1.0-1 10.88 88.13 99.01 OK
r-devel-linux-x86_64-debian-gcc 1.0-1 7.45 67.07 74.52 OK
r-devel-linux-x86_64-fedora-clang 1.0-1 118.46 NOTE
r-devel-linux-x86_64-fedora-gcc 1.0-1 122.80 OK
r-devel-windows-x86_64 1.0-1 19.00 113.00 132.00 OK
r-patched-linux-x86_64 1.0-1 9.10 85.95 95.05 OK
r-release-linux-x86_64 1.0-1 9.05 83.91 92.96 OK
r-release-macos-arm64 1.0-1 37.00 OK
r-release-macos-x86_64 1.0-1 50.00 OK
r-release-windows-x86_64 1.0-1 19.00 125.00 144.00 OK
r-oldrel-macos-arm64 1.0-1 40.00 OK
r-oldrel-macos-x86_64 1.0-1 51.00 OK
r-oldrel-windows-ix86+x86_64 1.0-1 20.00 113.00 133.00 OK

Check Details

Version: 1.0-1
Check: Rd cross-references
Result: NOTE
    Undeclared packages ‘gamlss.dist’, ‘gamlss.add’ in Rd xrefs
Flavor: r-devel-linux-x86_64-fedora-clang