Last updated on 2023-03-30 12:55:09 CEST.
Flavor | Version | Tinstall | Tcheck | Ttotal | Status | Flags |
---|---|---|---|---|---|---|
r-devel-linux-x86_64-debian-clang | 4.0.5 | 8.30 | 60.83 | 69.13 | OK | |
r-devel-linux-x86_64-debian-gcc | 4.0.5 | 4.92 | 45.92 | 50.84 | OK | |
r-devel-linux-x86_64-fedora-clang | 4.0.5 | 89.18 | OK | |||
r-devel-linux-x86_64-fedora-gcc | 4.0.5 | 83.28 | OK | |||
r-devel-windows-x86_64 | 4.0.5 | 46.00 | 0.00 | 46.00 | OK | |
r-patched-linux-x86_64 | 4.0.5 | 6.23 | 56.60 | 62.83 | OK | |
r-release-linux-x86_64 | 4.0.5 | 4.89 | 58.88 | 63.77 | OK | |
r-release-macos-arm64 | 4.0.5 | 21.00 | OK | |||
r-release-macos-x86_64 | 4.0.5 | 52.00 | OK | |||
r-release-windows-x86_64 | 4.0.5 | 25.00 | 95.00 | 120.00 | OK | |
r-oldrel-macos-arm64 | 4.0.5 | 31.00 | OK | |||
r-oldrel-macos-x86_64 | 4.0.5 | 40.00 | OK | |||
r-oldrel-windows-ix86+x86_64 | 4.0.5 | 22.00 | 236.00 | 258.00 | NOTE |
Version: 4.0.5
Check: R code for possible problems
Result: NOTE
Initiating curl with CURL_SSL_BACKEND: openssl
Flavor: r-oldrel-windows-ix86+x86_64