CRAN Package Check Results for Package gafit

Last updated on 2024-03-01 06:52:42 CET.

Flavor Version Tinstall Tcheck Ttotal Status Flags
r-devel-linux-x86_64-debian-clang 0.5.1 2.90 19.59 22.49 OK
r-devel-linux-x86_64-debian-gcc 0.5.1 1.84 15.47 17.31 OK
r-devel-linux-x86_64-fedora-clang 0.5.1 27.80 NOTE
r-devel-linux-x86_64-fedora-gcc 0.5.1 26.09 NOTE
r-devel-windows-x86_64 0.5.1 4.00 43.00 47.00 OK
r-patched-linux-x86_64 0.5.1 2.85 19.33 22.18 OK
r-release-linux-x86_64 0.5.1 2.37 19.43 21.80 OK
r-release-macos-arm64 0.5.1 17.00 OK
r-release-macos-x86_64 0.5.1 20.00 OK
r-release-windows-x86_64 0.5.1 6.00 41.00 47.00 OK
r-oldrel-macos-arm64 0.5.1 16.00 OK
r-oldrel-windows-x86_64 0.5.1 7.00 43.00 50.00 OK

Check Details

Version: 0.5.1
Check: compiled code
Result: NOTE File ‘gafit/libs/gafit.so’: Found no calls to: ‘R_registerRoutines’, ‘R_useDynamicSymbols’ It is good practice to register native routines and to disable symbol search. See ‘Writing portable packages’ in the ‘Writing R Extensions’ manual. Flavors: r-devel-linux-x86_64-fedora-clang, r-devel-linux-x86_64-fedora-gcc