Last updated on 2023-12-08 12:52:19 CET.
Flavor | Version | Tinstall | Tcheck | Ttotal | Status | Flags |
---|---|---|---|---|---|---|
r-devel-linux-x86_64-debian-clang | 2.0.1 | 302.70 | 141.26 | 443.96 | OK | |
r-devel-linux-x86_64-debian-gcc | 2.0.1 | 208.85 | 108.01 | 316.86 | OK | |
r-devel-linux-x86_64-fedora-clang | 2.0.1 | 666.64 | OK | |||
r-devel-linux-x86_64-fedora-gcc | 2.0.1 | 674.53 | OK | |||
r-devel-windows-x86_64 | 2.0.1 | 234.00 | 192.00 | 426.00 | OK | |
r-patched-linux-x86_64 | 2.0.1 | 254.05 | 139.05 | 393.10 | OK | |
r-release-linux-x86_64 | 2.0.1 | 256.44 | 138.29 | 394.73 | OK | |
r-release-macos-arm64 | 2.0.1 | 130.00 | NOTE | |||
r-release-macos-x86_64 | 2.0.1 | 217.00 | NOTE | |||
r-release-windows-x86_64 | 2.0.1 | 298.00 | 210.00 | 508.00 | OK | |
r-oldrel-macos-arm64 | 2.0.1 | 118.00 | NOTE | |||
r-oldrel-macos-x86_64 | 2.0.0 | 183.00 | NOTE | |||
r-oldrel-windows-x86_64 | 2.0.1 | 200.00 | 198.00 | 398.00 | OK |
Version: 2.0.1
Check: installed package size
Result: NOTE
installed size is 11.9Mb
sub-directories of 1Mb or more:
data 1.3Mb
libs 9.4Mb
Flavors: r-release-macos-arm64, r-release-macos-x86_64, r-oldrel-macos-arm64
Version: 2.0.0
Check: installed package size
Result: NOTE
installed size is 12.0Mb
sub-directories of 1Mb or more:
data 1.3Mb
libs 9.6Mb
Flavor: r-oldrel-macos-x86_64