CRAN Package Check Results for Package gMWT

Last updated on 2022-10-06 01:49:48 CEST.

Flavor Version Tinstall Tcheck Ttotal Status Flags
r-devel-linux-x86_64-debian-clang 1.1.1 24.81 74.97 99.78 WARN
r-devel-linux-x86_64-debian-gcc 1.1.1 24.25 55.93 80.18 WARN
r-devel-linux-x86_64-fedora-clang 1.1.1 144.93 WARN
r-devel-linux-x86_64-fedora-gcc 1.1.1 144.66 WARN
r-devel-windows-x86_64 1.1.1 40.00 111.00 151.00 WARN
r-patched-linux-x86_64 1.1.1 28.67 70.13 98.80 OK
r-release-linux-x86_64 1.1.1 25.66 71.71 97.37 OK
r-release-macos-arm64 1.1.1 33.00 OK
r-release-macos-x86_64 1.1.1 46.00 OK
r-release-windows-x86_64 1.1.1 35.00 112.00 147.00 OK
r-oldrel-macos-arm64 1.1.1 41.00 OK
r-oldrel-macos-x86_64 1.1.1 71.00 OK
r-oldrel-windows-ix86+x86_64 1.1.1 70.00 126.00 196.00 OK

Additional issues

clang15 clang15 M1mac

Check Details

Version: 1.1.1
Check: whether package can be installed
Result: WARN
    Found the following significant warnings:
     helpFunctions.cpp:99:35: warning: 'sizeof (joined)' will return the size of the pointer, not the array itself [-Wsizeof-pointer-div]
     helpFunctions.cpp:149:35: warning: 'sizeof (joined)' will return the size of the pointer, not the array itself [-Wsizeof-pointer-div]
Flavors: r-devel-linux-x86_64-debian-clang, r-devel-linux-x86_64-fedora-clang

Version: 1.1.1
Check: whether package can be installed
Result: WARN
    Found the following significant warnings:
     helpFunctions.cpp:99:35: warning: division ‘sizeof (double*) / sizeof (double)’ does not compute the number of array elements [-Wsizeof-pointer-div]
     helpFunctions.cpp:149:35: warning: division ‘sizeof (double*) / sizeof (double)’ does not compute the number of array elements [-Wsizeof-pointer-div]
Flavors: r-devel-linux-x86_64-debian-gcc, r-devel-linux-x86_64-fedora-gcc, r-devel-windows-x86_64