CRAN Package Check Results for Package futility

Last updated on 2024-02-25 01:01:04 CET.

Flavor Version Tinstall Tcheck Ttotal Status Flags
r-devel-linux-x86_64-debian-clang 0.4 4.24 37.48 41.72 NOTE
r-devel-linux-x86_64-debian-gcc 0.4 2.58 33.25 35.83 NOTE
r-devel-linux-x86_64-fedora-clang 0.4 59.06 NOTE
r-devel-linux-x86_64-fedora-gcc 0.4 67.71 NOTE
r-devel-windows-x86_64 0.4 4.00 67.00 71.00 NOTE
r-patched-linux-x86_64 0.4 4.32 41.94 46.26 NOTE
r-release-linux-x86_64 0.4 3.97 41.43 45.40 NOTE
r-release-macos-arm64 0.4 29.00 NOTE
r-release-macos-x86_64 0.4 43.00 NOTE
r-release-windows-x86_64 0.4 4.00 64.00 68.00 NOTE
r-oldrel-macos-arm64 0.4 23.00 NOTE
r-oldrel-windows-x86_64 0.4 6.00 69.00 75.00 NOTE

Check Details

Version: 0.4
Check: LazyData
Result: NOTE 'LazyData' is specified without a 'data' directory Flavors: r-devel-linux-x86_64-debian-clang, r-devel-linux-x86_64-debian-gcc, r-devel-linux-x86_64-fedora-clang, r-devel-linux-x86_64-fedora-gcc, r-devel-windows-x86_64, r-patched-linux-x86_64, r-release-linux-x86_64, r-release-macos-arm64, r-release-macos-x86_64, r-release-windows-x86_64, r-oldrel-macos-arm64, r-oldrel-windows-x86_64

Version: 0.4
Check: for non-standard things in the check directory
Result: NOTE Found the following files/directories: ‘completeTrial_byArm_eventPriorRateC3=0.001_eventPriorRateT1=0_eventPriorRateT2=0_eventPriorWt=0.5.RData’ ‘completeTrial_byArm_eventPriorRateC3=0.06_eventPriorRateT1=0.03_eventPriorRateT2=0.03_eventPriorWt=0.2.RData’ ‘completeTrial_byArm_eventPriorRateC3=0.06_eventPriorRateT1=0.03_eventPriorRateT2=0.03_eventPriorWt=0.4.RData’ ‘completeTrial_byArm_eventPriorRateC3=0.06_eventPriorRateT1=0.03_eventPriorRateT2=0.03_eventPriorWt=0.6.RData’ ‘completeTrial_pooled_eventPriorRate=0.001_eventPriorWt=0.5.RData’ ‘completeTrial_pooled_eventPriorRate=0.06_eventPriorWt=0.2.RData’ ‘completeTrial_pooled_eventPriorRate=0.06_eventPriorWt=0.4.RData’ ‘completeTrial_pooled_eventPriorRate=0.06_eventPriorWt=0.6.RData’ ‘rcdf_byArm_arm=T1_eventPriorRateC3=0.06_eventPriorRateT1=0.03_eventPriorRateT2=0.03.pdf’ ‘rcdf_pooled_eventPriorRate=0.06.pdf’ Flavors: r-devel-linux-x86_64-debian-clang, r-devel-linux-x86_64-debian-gcc, r-devel-linux-x86_64-fedora-clang, r-devel-linux-x86_64-fedora-gcc, r-patched-linux-x86_64, r-release-linux-x86_64