CRAN Package Check Results for Package funprog

Last updated on 2022-09-29 06:54:21 CEST.

Flavor Version Tinstall Tcheck Ttotal Status Flags
r-devel-linux-x86_64-debian-clang 0.3.0 1.82 25.05 26.87 NOTE
r-devel-linux-x86_64-debian-gcc 0.3.0 1.58 19.43 21.01 NOTE
r-devel-linux-x86_64-fedora-clang 0.3.0 45.92 NOTE
r-devel-linux-x86_64-fedora-gcc 0.3.0 45.46 NOTE
r-devel-windows-x86_64 0.3.0 14.00 51.00 65.00 NOTE
r-patched-linux-x86_64 0.3.0 1.84 24.48 26.32 NOTE
r-release-linux-x86_64 0.3.0 1.91 24.78 26.69 NOTE
r-release-macos-arm64 0.3.0 17.00 NOTE
r-release-macos-x86_64 0.3.0 22.00 NOTE
r-release-windows-x86_64 0.3.0 10.00 54.00 64.00 NOTE
r-oldrel-macos-arm64 0.3.0 17.00 NOTE
r-oldrel-macos-x86_64 0.3.0 33.00 NOTE
r-oldrel-windows-ix86+x86_64 0.3.0 5.00 52.00 57.00 NOTE

Check Details

Version: 0.3.0
Check: LazyData
Result: NOTE
     'LazyData' is specified without a 'data' directory
Flavors: r-devel-linux-x86_64-debian-clang, r-devel-linux-x86_64-debian-gcc, r-devel-linux-x86_64-fedora-clang, r-devel-linux-x86_64-fedora-gcc, r-devel-windows-x86_64, r-patched-linux-x86_64, r-release-linux-x86_64, r-release-macos-arm64, r-release-macos-x86_64, r-release-windows-x86_64, r-oldrel-macos-arm64, r-oldrel-macos-x86_64, r-oldrel-windows-ix86+x86_64