CRAN Package Check Results for Package fst

Last updated on 2022-01-22 14:00:10 CET.

Flavor Version Tinstall Tcheck Ttotal Status Flags
r-devel-linux-x86_64-debian-clang 0.9.4 119.83 45.66 165.49 ERROR
r-devel-linux-x86_64-debian-gcc 0.9.4 80.94 34.41 115.35 ERROR
r-devel-linux-x86_64-fedora-clang 0.9.4 289.93 ERROR
r-devel-linux-x86_64-fedora-gcc 0.9.4 209.52 ERROR
r-devel-windows-x86_64-new-UL 0.9.4 167.00 100.00 267.00 ERROR
r-devel-windows-x86_64-new-TK 0.9.4 NOTE
r-patched-linux-x86_64 0.9.4 89.36 83.13 172.49 NOTE
r-release-linux-x86_64 0.9.4 92.60 83.30 175.90 NOTE
r-release-macos-arm64 0.9.4 ERROR
r-release-macos-x86_64 0.9.4 NOTE
r-release-windows-ix86+x86_64 0.9.4 257.00 246.00 503.00 NOTE
r-oldrel-macos-x86_64 0.9.4 NOTE
r-oldrel-windows-ix86+x86_64 0.9.4 258.00 246.00 504.00 OK

Check Details

Version: 0.9.4
Check: LazyData
Result: NOTE
     'LazyData' is specified without a 'data' directory
Flavors: r-devel-linux-x86_64-debian-clang, r-devel-linux-x86_64-debian-gcc, r-devel-linux-x86_64-fedora-clang, r-devel-linux-x86_64-fedora-gcc, r-devel-windows-x86_64-new-UL, r-devel-windows-x86_64-new-TK, r-patched-linux-x86_64, r-release-linux-x86_64, r-release-macos-x86_64, r-release-windows-ix86+x86_64

Version: 0.9.4
Check: tests
Result: ERROR
     Running 'testthat.R' [6s/6s]
    Running the tests in 'tests/testthat.R' failed.
    Complete output:
     >
     > # required packages
     > library(testthat)
     > library(fst)
     >
     > # some helper functions
     > source("testthat/helper_fstwrite.R") # cross-version testing
     >
     > # run tests
     > test_check("fst")
     == Skipped tests ===============================================================
     * On CRAN (1)
    
     == Failed tests ================================================================
     -- Error (test_factor.R:72:3): Multiple sizes of 1-byte factor columns are stored correctly --
     Error in `sample.int(length(x), size, replace, prob)`: invalid 'size' argument
     Backtrace:
     x
     1. \-fst:::sample_data(30, 10) test_factor.R:72:2
     2. +-base::data.frame(...) test_factor.R:33:2
     3. \-fst:::factor_vec(nrofrows, nroflevels)
     4. +-base::unique(c(levels, char_vec(nroflevels))) test_factor.R:23:4
     5. \-fst:::char_vec(nroflevels)
     6. \-base::sapply(...) test_factor.R:14:2
     7. \-base::lapply(X = X, FUN = FUN, ...)
     8. \-fst:::FUN(X[[i]], ...)
     9. +-base::paste(sample(LETTERS, sample(1:4)), collapse = "") test_factor.R:15:4
     10. \-base::sample(LETTERS, sample(1:4))
     11. \-base::sample.int(length(x), size, replace, prob)
     -- Error (test_factor.R:81:3): Multiple sizes of 2-byte factor columns are stored correctly --
     Error in `sample.int(length(x), size, replace, prob)`: invalid 'size' argument
     Backtrace:
     x
     1. \-fst:::sample_data(30, 257) test_factor.R:81:2
     2. +-base::data.frame(...) test_factor.R:33:2
     3. \-fst:::factor_vec(nrofrows, nroflevels)
     4. +-base::unique(c(levels, char_vec(nroflevels))) test_factor.R:23:4
     5. \-fst:::char_vec(nroflevels) test_factor.R:23:4
     6. \-base::sapply(...) test_factor.R:14:2
     7. \-base::lapply(X = X, FUN = FUN, ...)
     8. \-fst:::FUN(X[[i]], ...)
     9. +-base::paste(sample(LETTERS, sample(1:4)), collapse = "") test_factor.R:15:4
     10. \-base::sample(LETTERS, sample(1:4))
     11. \-base::sample.int(length(x), size, replace, prob)
     -- Error (test_factor.R:101:3): Multiple sizes of 4-byte factor columns are stored correctly --
     Error in `sample.int(length(x), size, replace, prob)`: invalid 'size' argument
     Backtrace:
     x
     1. \-fst:::sample_data(30, 70000) test_factor.R:101:2
     2. +-base::data.frame(...) test_factor.R:33:2
     3. \-fst:::factor_vec(nrofrows, nroflevels)
     4. +-base::unique(c(levels, char_vec(nroflevels))) test_factor.R:23:4
     5. \-fst:::char_vec(nroflevels) test_factor.R:23:4
     6. \-base::sapply(...) test_factor.R:14:2
     7. \-base::lapply(X = X, FUN = FUN, ...)
     8. \-fst:::FUN(X[[i]], ...)
     9. +-base::paste(sample(LETTERS, sample(1:4)), collapse = "") test_factor.R:15:4
     10. \-base::sample(LETTERS, sample(1:4))
     11. \-base::sample.int(length(x), size, replace, prob)
     -- Error (test_fst.R:42:1): (code run outside of `test_that()`) ----------------
     Error in `sample.int(length(x), size, replace, prob)`: invalid 'size' argument
     Backtrace:
     x
     1. \-fst:::char_vec(nr_of_rows) test_fst.R:42:0
     2. \-base::sapply(...) test_fst.R:16:2
     3. \-base::lapply(X = X, FUN = FUN, ...)
     4. \-fst:::FUN(X[[i]], ...)
     5. +-base::paste(sample(LETTERS, sample(1:4)), collapse = "") test_fst.R:17:4
     6. \-base::sample(LETTERS, sample(1:4))
     7. \-base::sample.int(length(x), size, replace, prob)
     -- Error (test_rbind.R:23:1): (code run outside of `test_that()`) --------------
     Error in `sample.int(length(x), size, replace, prob)`: invalid 'size' argument
     Backtrace:
     x
     1. \-fst:::char_vec(nr_of_rows) test_rbind.R:23:0
     2. \-base::sapply(...) test_rbind.R:15:2
     3. \-base::lapply(X = X, FUN = FUN, ...)
     4. \-fst:::FUN(X[[i]], ...)
     5. +-base::paste(sample(LETTERS, sample(1:4)), collapse = "") test_rbind.R:17:6
     6. \-base::sample(LETTERS, sample(1:4))
     7. \-base::sample.int(length(x), size, replace, prob)
    
     [ FAIL 5 | WARN 0 | SKIP 1 | PASS 286 ]
     Error: Test failures
     Execution halted
Flavor: r-devel-linux-x86_64-debian-clang

Version: 0.9.4
Check: tests
Result: ERROR
     Running ‘testthat.R’ [4s/7s]
    Running the tests in ‘tests/testthat.R’ failed.
    Complete output:
     >
     > # required packages
     > library(testthat)
     > library(fst)
     >
     > # some helper functions
     > source("testthat/helper_fstwrite.R") # cross-version testing
     >
     > # run tests
     > test_check("fst")
     [ FAIL 5 | WARN 0 | SKIP 1 | PASS 286 ]
    
     ══ Skipped tests ═══════════════════════════════════════════════════════════════
     • On CRAN (1)
    
     ══ Failed tests ════════════════════════════════════════════════════════════════
     ── Error (test_factor.R:72:3): Multiple sizes of 1-byte factor columns are stored correctly ──
     Error in `sample.int(length(x), size, replace, prob)`: invalid 'size' argument
     Backtrace:
     █
     1. └─fst:::sample_data(30, 10) test_factor.R:72:2
     2. ├─base::data.frame(...) test_factor.R:33:2
     3. └─fst:::factor_vec(nrofrows, nroflevels)
     4. ├─base::unique(c(levels, char_vec(nroflevels))) test_factor.R:23:4
     5. └─fst:::char_vec(nroflevels)
     6. └─base::sapply(...) test_factor.R:14:2
     7. └─base::lapply(X = X, FUN = FUN, ...)
     8. └─fst:::FUN(X[[i]], ...)
     9. ├─base::paste(sample(LETTERS, sample(1:4)), collapse = "") test_factor.R:15:4
     10. └─base::sample(LETTERS, sample(1:4))
     11. └─base::sample.int(length(x), size, replace, prob)
     ── Error (test_factor.R:81:3): Multiple sizes of 2-byte factor columns are stored correctly ──
     Error in `sample.int(length(x), size, replace, prob)`: invalid 'size' argument
     Backtrace:
     █
     1. └─fst:::sample_data(30, 257) test_factor.R:81:2
     2. ├─base::data.frame(...) test_factor.R:33:2
     3. └─fst:::factor_vec(nrofrows, nroflevels)
     4. ├─base::unique(c(levels, char_vec(nroflevels))) test_factor.R:23:4
     5. └─fst:::char_vec(nroflevels) test_factor.R:23:4
     6. └─base::sapply(...) test_factor.R:14:2
     7. └─base::lapply(X = X, FUN = FUN, ...)
     8. └─fst:::FUN(X[[i]], ...)
     9. ├─base::paste(sample(LETTERS, sample(1:4)), collapse = "") test_factor.R:15:4
     10. └─base::sample(LETTERS, sample(1:4))
     11. └─base::sample.int(length(x), size, replace, prob)
     ── Error (test_factor.R:101:3): Multiple sizes of 4-byte factor columns are stored correctly ──
     Error in `sample.int(length(x), size, replace, prob)`: invalid 'size' argument
     Backtrace:
     █
     1. └─fst:::sample_data(30, 70000) test_factor.R:101:2
     2. ├─base::data.frame(...) test_factor.R:33:2
     3. └─fst:::factor_vec(nrofrows, nroflevels)
     4. ├─base::unique(c(levels, char_vec(nroflevels))) test_factor.R:23:4
     5. └─fst:::char_vec(nroflevels) test_factor.R:23:4
     6. └─base::sapply(...) test_factor.R:14:2
     7. └─base::lapply(X = X, FUN = FUN, ...)
     8. └─fst:::FUN(X[[i]], ...)
     9. ├─base::paste(sample(LETTERS, sample(1:4)), collapse = "") test_factor.R:15:4
     10. └─base::sample(LETTERS, sample(1:4))
     11. └─base::sample.int(length(x), size, replace, prob)
     ── Error (test_fst.R:42:1): (code run outside of `test_that()`) ────────────────
     Error in `sample.int(length(x), size, replace, prob)`: invalid 'size' argument
     Backtrace:
     █
     1. └─fst:::char_vec(nr_of_rows) test_fst.R:42:0
     2. └─base::sapply(...) test_fst.R:16:2
     3. └─base::lapply(X = X, FUN = FUN, ...)
     4. └─fst:::FUN(X[[i]], ...)
     5. ├─base::paste(sample(LETTERS, sample(1:4)), collapse = "") test_fst.R:17:4
     6. └─base::sample(LETTERS, sample(1:4))
     7. └─base::sample.int(length(x), size, replace, prob)
     ── Error (test_rbind.R:23:1): (code run outside of `test_that()`) ──────────────
     Error in `sample.int(length(x), size, replace, prob)`: invalid 'size' argument
     Backtrace:
     █
     1. └─fst:::char_vec(nr_of_rows) test_rbind.R:23:0
     2. └─base::sapply(...) test_rbind.R:15:2
     3. └─base::lapply(X = X, FUN = FUN, ...)
     4. └─fst:::FUN(X[[i]], ...)
     5. ├─base::paste(sample(LETTERS, sample(1:4)), collapse = "") test_rbind.R:17:6
     6. └─base::sample(LETTERS, sample(1:4))
     7. └─base::sample.int(length(x), size, replace, prob)
    
     [ FAIL 5 | WARN 0 | SKIP 1 | PASS 286 ]
     Error: Test failures
     Execution halted
Flavor: r-devel-linux-x86_64-debian-gcc

Version: 0.9.4
Check: installed package size
Result: NOTE
     installed size is 5.9Mb
     sub-directories of 1Mb or more:
     libs 5.8Mb
Flavors: r-devel-linux-x86_64-fedora-clang, r-release-macos-x86_64, r-oldrel-macos-x86_64

Version: 0.9.4
Check: tests
Result: ERROR
     Running ‘testthat.R’ [6s/28s]
    Running the tests in ‘tests/testthat.R’ failed.
    Complete output:
     >
     > # required packages
     > library(testthat)
     > library(fst)
     >
     > # some helper functions
     > source("testthat/helper_fstwrite.R") # cross-version testing
     >
     > # run tests
     > test_check("fst")
     OMP: Warning #96: Cannot form a team with 24 threads, using 2 instead.
     OMP: Hint Consider unsetting KMP_DEVICE_THREAD_LIMIT (KMP_ALL_THREADS), KMP_TEAMS_THREAD_LIMIT, and OMP_THREAD_LIMIT (if any are set).
     ══ Skipped tests ═══════════════════════════════════════════════════════════════
     • On CRAN (1)
    
     ══ Failed tests ════════════════════════════════════════════════════════════════
     ── Error (test_factor.R:72:3): Multiple sizes of 1-byte factor columns are stored correctly ──
     Error in `sample.int(length(x), size, replace, prob)`: invalid 'size' argument
     Backtrace:
     █
     1. └─fst:::sample_data(30, 10) test_factor.R:72:2
     2. ├─base::data.frame(...) test_factor.R:33:2
     3. └─fst:::factor_vec(nrofrows, nroflevels)
     4. ├─base::unique(c(levels, char_vec(nroflevels))) test_factor.R:23:4
     5. └─fst:::char_vec(nroflevels)
     6. └─base::sapply(...) test_factor.R:14:2
     7. └─base::lapply(X = X, FUN = FUN, ...)
     8. └─fst:::FUN(X[[i]], ...)
     9. ├─base::paste(sample(LETTERS, sample(1:4)), collapse = "") test_factor.R:15:4
     10. └─base::sample(LETTERS, sample(1:4))
     11. └─base::sample.int(length(x), size, replace, prob)
     ── Error (test_factor.R:81:3): Multiple sizes of 2-byte factor columns are stored correctly ──
     Error in `sample.int(length(x), size, replace, prob)`: invalid 'size' argument
     Backtrace:
     █
     1. └─fst:::sample_data(30, 257) test_factor.R:81:2
     2. ├─base::data.frame(...) test_factor.R:33:2
     3. └─fst:::factor_vec(nrofrows, nroflevels)
     4. ├─base::unique(c(levels, char_vec(nroflevels))) test_factor.R:23:4
     5. └─fst:::char_vec(nroflevels) test_factor.R:23:4
     6. └─base::sapply(...) test_factor.R:14:2
     7. └─base::lapply(X = X, FUN = FUN, ...)
     8. └─fst:::FUN(X[[i]], ...)
     9. ├─base::paste(sample(LETTERS, sample(1:4)), collapse = "") test_factor.R:15:4
     10. └─base::sample(LETTERS, sample(1:4))
     11. └─base::sample.int(length(x), size, replace, prob)
     ── Error (test_factor.R:101:3): Multiple sizes of 4-byte factor columns are stored correctly ──
     Error in `sample.int(length(x), size, replace, prob)`: invalid 'size' argument
     Backtrace:
     █
     1. └─fst:::sample_data(30, 70000) test_factor.R:101:2
     2. ├─base::data.frame(...) test_factor.R:33:2
     3. └─fst:::factor_vec(nrofrows, nroflevels)
     4. ├─base::unique(c(levels, char_vec(nroflevels))) test_factor.R:23:4
     5. └─fst:::char_vec(nroflevels) test_factor.R:23:4
     6. └─base::sapply(...) test_factor.R:14:2
     7. └─base::lapply(X = X, FUN = FUN, ...)
     8. └─fst:::FUN(X[[i]], ...)
     9. ├─base::paste(sample(LETTERS, sample(1:4)), collapse = "") test_factor.R:15:4
     10. └─base::sample(LETTERS, sample(1:4))
     11. └─base::sample.int(length(x), size, replace, prob)
     ── Error (test_fst.R:42:1): (code run outside of `test_that()`) ────────────────
     Error in `sample.int(length(x), size, replace, prob)`: invalid 'size' argument
     Backtrace:
     █
     1. └─fst:::char_vec(nr_of_rows) test_fst.R:42:0
     2. └─base::sapply(...) test_fst.R:16:2
     3. └─base::lapply(X = X, FUN = FUN, ...)
     4. └─fst:::FUN(X[[i]], ...)
     5. ├─base::paste(sample(LETTERS, sample(1:4)), collapse = "") test_fst.R:17:4
     6. └─base::sample(LETTERS, sample(1:4))
     7. └─base::sample.int(length(x), size, replace, prob)
     ── Error (test_rbind.R:23:1): (code run outside of `test_that()`) ──────────────
     Error in `sample.int(length(x), size, replace, prob)`: invalid 'size' argument
     Backtrace:
     █
     1. └─fst:::char_vec(nr_of_rows) test_rbind.R:23:0
     2. └─base::sapply(...) test_rbind.R:15:2
     3. └─base::lapply(X = X, FUN = FUN, ...)
     4. └─fst:::FUN(X[[i]], ...)
     5. ├─base::paste(sample(LETTERS, sample(1:4)), collapse = "") test_rbind.R:17:6
     6. └─base::sample(LETTERS, sample(1:4))
     7. └─base::sample.int(length(x), size, replace, prob)
    
     [ FAIL 5 | WARN 0 | SKIP 1 | PASS 286 ]
     Error: Test failures
     Execution halted
Flavor: r-devel-linux-x86_64-fedora-clang

Version: 0.9.4
Check: tests
Result: ERROR
     Running ‘testthat.R’ [6s/28s]
    Running the tests in ‘tests/testthat.R’ failed.
    Complete output:
     >
     > # required packages
     > library(testthat)
     > library(fst)
     >
     > # some helper functions
     > source("testthat/helper_fstwrite.R") # cross-version testing
     >
     > # run tests
     > test_check("fst")
     ══ Skipped tests ═══════════════════════════════════════════════════════════════
     • On CRAN (1)
    
     ══ Failed tests ════════════════════════════════════════════════════════════════
     ── Error (test_factor.R:72:3): Multiple sizes of 1-byte factor columns are stored correctly ──
     Error in `sample.int(length(x), size, replace, prob)`: invalid 'size' argument
     Backtrace:
     █
     1. └─fst:::sample_data(30, 10) test_factor.R:72:2
     2. ├─base::data.frame(...) test_factor.R:33:2
     3. └─fst:::factor_vec(nrofrows, nroflevels)
     4. ├─base::unique(c(levels, char_vec(nroflevels))) test_factor.R:23:4
     5. └─fst:::char_vec(nroflevels)
     6. └─base::sapply(...) test_factor.R:14:2
     7. └─base::lapply(X = X, FUN = FUN, ...)
     8. └─fst:::FUN(X[[i]], ...)
     9. ├─base::paste(sample(LETTERS, sample(1:4)), collapse = "") test_factor.R:15:4
     10. └─base::sample(LETTERS, sample(1:4))
     11. └─base::sample.int(length(x), size, replace, prob)
     ── Error (test_factor.R:81:3): Multiple sizes of 2-byte factor columns are stored correctly ──
     Error in `sample.int(length(x), size, replace, prob)`: invalid 'size' argument
     Backtrace:
     █
     1. └─fst:::sample_data(30, 257) test_factor.R:81:2
     2. ├─base::data.frame(...) test_factor.R:33:2
     3. └─fst:::factor_vec(nrofrows, nroflevels)
     4. ├─base::unique(c(levels, char_vec(nroflevels))) test_factor.R:23:4
     5. └─fst:::char_vec(nroflevels) test_factor.R:23:4
     6. └─base::sapply(...) test_factor.R:14:2
     7. └─base::lapply(X = X, FUN = FUN, ...)
     8. └─fst:::FUN(X[[i]], ...)
     9. ├─base::paste(sample(LETTERS, sample(1:4)), collapse = "") test_factor.R:15:4
     10. └─base::sample(LETTERS, sample(1:4))
     11. └─base::sample.int(length(x), size, replace, prob)
     ── Error (test_factor.R:101:3): Multiple sizes of 4-byte factor columns are stored correctly ──
     Error in `sample.int(length(x), size, replace, prob)`: invalid 'size' argument
     Backtrace:
     █
     1. └─fst:::sample_data(30, 70000) test_factor.R:101:2
     2. ├─base::data.frame(...) test_factor.R:33:2
     3. └─fst:::factor_vec(nrofrows, nroflevels)
     4. ├─base::unique(c(levels, char_vec(nroflevels))) test_factor.R:23:4
     5. └─fst:::char_vec(nroflevels) test_factor.R:23:4
     6. └─base::sapply(...) test_factor.R:14:2
     7. └─base::lapply(X = X, FUN = FUN, ...)
     8. └─fst:::FUN(X[[i]], ...)
     9. ├─base::paste(sample(LETTERS, sample(1:4)), collapse = "") test_factor.R:15:4
     10. └─base::sample(LETTERS, sample(1:4))
     11. └─base::sample.int(length(x), size, replace, prob)
     ── Error (test_fst.R:42:1): (code run outside of `test_that()`) ────────────────
     Error in `sample.int(length(x), size, replace, prob)`: invalid 'size' argument
     Backtrace:
     █
     1. └─fst:::char_vec(nr_of_rows) test_fst.R:42:0
     2. └─base::sapply(...) test_fst.R:16:2
     3. └─base::lapply(X = X, FUN = FUN, ...)
     4. └─fst:::FUN(X[[i]], ...)
     5. ├─base::paste(sample(LETTERS, sample(1:4)), collapse = "") test_fst.R:17:4
     6. └─base::sample(LETTERS, sample(1:4))
     7. └─base::sample.int(length(x), size, replace, prob)
     ── Error (test_rbind.R:23:1): (code run outside of `test_that()`) ──────────────
     Error in `sample.int(length(x), size, replace, prob)`: invalid 'size' argument
     Backtrace:
     █
     1. └─fst:::char_vec(nr_of_rows) test_rbind.R:23:0
     2. └─base::sapply(...) test_rbind.R:15:2
     3. └─base::lapply(X = X, FUN = FUN, ...)
     4. └─fst:::FUN(X[[i]], ...)
     5. ├─base::paste(sample(LETTERS, sample(1:4)), collapse = "") test_rbind.R:17:6
     6. └─base::sample(LETTERS, sample(1:4))
     7. └─base::sample.int(length(x), size, replace, prob)
    
     [ FAIL 5 | WARN 0 | SKIP 1 | PASS 286 ]
     Error: Test failures
     Execution halted
Flavor: r-devel-linux-x86_64-fedora-gcc

Version: 0.9.4
Check: tests
Result: ERROR
     Running 'testthat.R' [6s]
    Running the tests in 'tests/testthat.R' failed.
    Complete output:
     >
     > # required packages
     > library(testthat)
     > library(fst)
     >
     > # some helper functions
     > source("testthat/helper_fstwrite.R") # cross-version testing
     >
     > # run tests
     > test_check("fst")
     ══ Skipped tests ═══════════════════════════════════════════════════════════════
     • On CRAN (1)
    
     ══ Failed tests ════════════════════════════════════════════════════════════════
     ── Error (test_factor.R:72:3): Multiple sizes of 1-byte factor columns are stored correctly ──
     Error in `sample.int(length(x), size, replace, prob)`: invalid 'size' argument
     Backtrace:
     █
     1. └─fst:::sample_data(30, 10) test_factor.R:72:2
     2. ├─base::data.frame(...) test_factor.R:33:2
     3. └─fst:::factor_vec(nrofrows, nroflevels)
     4. ├─base::unique(c(levels, char_vec(nroflevels))) test_factor.R:23:4
     5. └─fst:::char_vec(nroflevels)
     6. └─base::sapply(...) test_factor.R:14:2
     7. └─base::lapply(X = X, FUN = FUN, ...)
     8. └─fst:::FUN(X[[i]], ...)
     9. ├─base::paste(sample(LETTERS, sample(1:4)), collapse = "") test_factor.R:15:4
     10. └─base::sample(LETTERS, sample(1:4))
     11. └─base::sample.int(length(x), size, replace, prob)
     ── Error (test_factor.R:81:3): Multiple sizes of 2-byte factor columns are stored correctly ──
     Error in `sample.int(length(x), size, replace, prob)`: invalid 'size' argument
     Backtrace:
     █
     1. └─fst:::sample_data(30, 257) test_factor.R:81:2
     2. ├─base::data.frame(...) test_factor.R:33:2
     3. └─fst:::factor_vec(nrofrows, nroflevels)
     4. ├─base::unique(c(levels, char_vec(nroflevels))) test_factor.R:23:4
     5. └─fst:::char_vec(nroflevels) test_factor.R:23:4
     6. └─base::sapply(...) test_factor.R:14:2
     7. └─base::lapply(X = X, FUN = FUN, ...)
     8. └─fst:::FUN(X[[i]], ...)
     9. ├─base::paste(sample(LETTERS, sample(1:4)), collapse = "") test_factor.R:15:4
     10. └─base::sample(LETTERS, sample(1:4))
     11. └─base::sample.int(length(x), size, replace, prob)
     ── Error (test_factor.R:101:3): Multiple sizes of 4-byte factor columns are stored correctly ──
     Error in `sample.int(length(x), size, replace, prob)`: invalid 'size' argument
     Backtrace:
     █
     1. └─fst:::sample_data(30, 70000) test_factor.R:101:2
     2. ├─base::data.frame(...) test_factor.R:33:2
     3. └─fst:::factor_vec(nrofrows, nroflevels)
     4. ├─base::unique(c(levels, char_vec(nroflevels))) test_factor.R:23:4
     5. └─fst:::char_vec(nroflevels) test_factor.R:23:4
     6. └─base::sapply(...) test_factor.R:14:2
     7. └─base::lapply(X = X, FUN = FUN, ...)
     8. └─fst:::FUN(X[[i]], ...)
     9. ├─base::paste(sample(LETTERS, sample(1:4)), collapse = "") test_factor.R:15:4
     10. └─base::sample(LETTERS, sample(1:4))
     11. └─base::sample.int(length(x), size, replace, prob)
     ── Error (test_fst.R:42:1): (code run outside of `test_that()`) ────────────────
     Error in `sample.int(length(x), size, replace, prob)`: invalid 'size' argument
     Backtrace:
     █
     1. └─fst:::char_vec(nr_of_rows) test_fst.R:42:0
     2. └─base::sapply(...) test_fst.R:16:2
     3. └─base::lapply(X = X, FUN = FUN, ...)
     4. └─fst:::FUN(X[[i]], ...)
     5. ├─base::paste(sample(LETTERS, sample(1:4)), collapse = "") test_fst.R:17:4
     6. └─base::sample(LETTERS, sample(1:4))
     7. └─base::sample.int(length(x), size, replace, prob)
     ── Error (test_rbind.R:23:1): (code run outside of `test_that()`) ──────────────
     Error in `sample.int(length(x), size, replace, prob)`: invalid 'size' argument
     Backtrace:
     █
     1. └─fst:::char_vec(nr_of_rows) test_rbind.R:23:0
     2. └─base::sapply(...) test_rbind.R:15:2
     3. └─base::lapply(X = X, FUN = FUN, ...)
     4. └─fst:::FUN(X[[i]], ...)
     5. ├─base::paste(sample(LETTERS, sample(1:4)), collapse = "") test_rbind.R:17:6
     6. └─base::sample(LETTERS, sample(1:4))
     7. └─base::sample.int(length(x), size, replace, prob)
    
     [ FAIL 5 | WARN 0 | SKIP 1 | PASS 286 ]
     Error: Test failures
     Execution halted
Flavor: r-devel-windows-x86_64-new-UL

Version: 0.9.4
Check: whether package can be installed
Result: ERROR
    Installation failed.
Flavor: r-release-macos-arm64