Last updated on 2023-03-21 19:04:01 CET.
Flavor | Version | Tinstall | Tcheck | Ttotal | Status | Flags |
---|---|---|---|---|---|---|
r-devel-linux-x86_64-debian-clang | 0.2.0 | 5.75 | 42.25 | 48.00 | NOTE | |
r-devel-linux-x86_64-debian-gcc | 0.2.0 | 4.47 | 32.61 | 37.08 | NOTE | |
r-devel-linux-x86_64-fedora-clang | 0.2.0 | 61.10 | NOTE | |||
r-devel-linux-x86_64-fedora-gcc | 0.2.0 | 55.96 | NOTE | |||
r-devel-windows-x86_64 | 0.2.0 | 17.00 | 68.00 | 85.00 | NOTE | |
r-patched-linux-x86_64 | 0.2.0 | 5.07 | 42.10 | 47.17 | NOTE | |
r-release-linux-x86_64 | 0.2.0 | 5.79 | 41.60 | 47.39 | NOTE | |
r-release-macos-arm64 | 0.2.0 | 18.00 | NOTE | |||
r-release-macos-x86_64 | 0.2.0 | 45.00 | NOTE | |||
r-release-windows-x86_64 | 0.2.0 | 16.00 | 72.00 | 88.00 | NOTE | |
r-oldrel-macos-arm64 | 0.2.0 | 28.00 | NOTE | |||
r-oldrel-macos-x86_64 | 0.2.0 | 34.00 | NOTE | |||
r-oldrel-windows-ix86+x86_64 | 0.2.0 | 13.00 | 76.00 | 89.00 | NOTE |
Version: 0.2.0
Check: LazyData
Result: NOTE
'LazyData' is specified without a 'data' directory
Flavors: r-devel-linux-x86_64-debian-clang, r-devel-linux-x86_64-debian-gcc, r-devel-linux-x86_64-fedora-clang, r-devel-linux-x86_64-fedora-gcc, r-devel-windows-x86_64, r-patched-linux-x86_64, r-release-linux-x86_64, r-release-macos-arm64, r-release-macos-x86_64, r-release-windows-x86_64, r-oldrel-macos-arm64, r-oldrel-macos-x86_64, r-oldrel-windows-ix86+x86_64