CRAN Package Check Results for Package frostr

Last updated on 2024-06-20 18:48:11 CEST.

Flavor Version Tinstall Tcheck Ttotal Status Flags
r-devel-linux-x86_64-debian-clang 0.2.0 4.79 42.06 46.85 NOTE
r-devel-linux-x86_64-debian-gcc 0.2.0 3.94 32.91 36.85 NOTE
r-devel-linux-x86_64-fedora-clang 0.2.0 61.34 NOTE
r-devel-linux-x86_64-fedora-gcc 0.2.0 56.88 NOTE
r-devel-windows-x86_64 0.2.0 6.00 53.00 59.00 NOTE
r-patched-linux-x86_64 0.2.0 4.56 39.89 44.45 NOTE
r-release-linux-x86_64 0.2.0 4.43 42.06 46.49 NOTE
r-release-macos-arm64 0.2.0 21.00 NOTE
r-release-macos-x86_64 0.2.0 50.00 NOTE
r-release-windows-x86_64 0.2.0 6.00 58.00 64.00 NOTE
r-oldrel-macos-arm64 0.2.0 21.00 NOTE
r-oldrel-macos-x86_64 0.2.0 30.00 NOTE
r-oldrel-windows-x86_64 0.2.0 7.00 58.00 65.00 NOTE

Check Details

Version: 0.2.0
Check: LazyData
Result: NOTE 'LazyData' is specified without a 'data' directory Flavors: r-devel-linux-x86_64-debian-clang, r-devel-linux-x86_64-debian-gcc, r-devel-linux-x86_64-fedora-clang, r-devel-linux-x86_64-fedora-gcc, r-devel-windows-x86_64, r-patched-linux-x86_64, r-release-linux-x86_64, r-release-macos-arm64, r-release-macos-x86_64, r-release-windows-x86_64, r-oldrel-macos-arm64, r-oldrel-macos-x86_64, r-oldrel-windows-x86_64