CRAN Package Check Results for Package frequency

Last updated on 2021-06-20 13:48:55 CEST.

Flavor Version Tinstall Tcheck Ttotal Status Flags
r-devel-linux-x86_64-debian-clang 0.4.1 5.74 97.88 103.62 OK
r-devel-linux-x86_64-debian-gcc 0.4.1 4.88 70.56 75.44 OK
r-devel-linux-x86_64-fedora-clang 0.4.1 129.93 OK
r-devel-linux-x86_64-fedora-gcc 0.4.1 113.60 OK
r-devel-windows-x86_64 0.4.1 10.00 138.00 148.00 OK
r-devel-windows-x86_64-gcc10-UCRT 0.4.1 NOTE
r-patched-linux-x86_64 0.4.1 4.73 87.43 92.16 OK
r-patched-solaris-x86 0.4.1 103.10 OK
r-release-linux-x86_64 0.4.1 6.16 88.08 94.24 OK
r-release-macos-arm64 0.4.1 OK
r-release-macos-x86_64 0.4.1 OK
r-release-windows-ix86+x86_64 0.4.1 15.00 138.00 153.00 OK
r-oldrel-macos-x86_64 0.4.1 OK
r-oldrel-windows-ix86+x86_64 0.4.1 10.00 137.00 147.00 OK

Check Details

Version: 0.4.1
Check: package dependencies
Result: NOTE
    Package suggested but not available for checking: 'covr'
Flavor: r-devel-windows-x86_64-gcc10-UCRT