Last updated on 2023-04-01 21:54:07 CEST.
Flavor | Version | Tinstall | Tcheck | Ttotal | Status | Flags |
---|---|---|---|---|---|---|
r-devel-linux-x86_64-debian-clang | 2.1.0 | 3.47 | 56.81 | 60.28 | OK | |
r-devel-linux-x86_64-debian-gcc | 2.1.0 | 3.19 | 43.72 | 46.91 | OK | |
r-devel-linux-x86_64-fedora-clang | 2.1.0 | 75.68 | NOTE | |||
r-devel-linux-x86_64-fedora-gcc | 2.1.0 | 82.03 | NOTE | |||
r-devel-windows-x86_64 | 2.1.0 | 11.00 | 99.00 | 110.00 | OK | |
r-patched-linux-x86_64 | 2.1.0 | 6.50 | 54.32 | 60.82 | OK | |
r-release-linux-x86_64 | 2.1.0 | 4.21 | 52.90 | 57.11 | OK | |
r-release-macos-arm64 | 2.1.0 | 34.00 | NOTE | |||
r-release-macos-x86_64 | 2.1.0 | 44.00 | NOTE | |||
r-release-windows-x86_64 | 2.1.0 | 30.00 | 96.00 | 126.00 | OK | |
r-oldrel-macos-arm64 | 2.1.0 | 33.00 | NOTE | |||
r-oldrel-macos-x86_64 | 2.1.0 | 44.00 | NOTE | |||
r-oldrel-windows-ix86+x86_64 | 2.1.0 | 10.00 | 82.00 | 92.00 | OK |
Version: 2.1.0
Check: data for non-ASCII characters
Result: NOTE
Note: found 1 marked UTF-8 string
Flavors: r-devel-linux-x86_64-fedora-clang, r-devel-linux-x86_64-fedora-gcc, r-release-macos-arm64, r-release-macos-x86_64, r-oldrel-macos-arm64, r-oldrel-macos-x86_64