CRAN Package Check Results for Package fractalRegression

Last updated on 2024-02-29 12:54:50 CET.

Flavor Version Tinstall Tcheck Ttotal Status Flags
r-devel-linux-x86_64-debian-clang 1.2 205.27 51.93 257.20 WARN
r-devel-linux-x86_64-debian-gcc 1.2 158.56 38.27 196.83 OK
r-devel-linux-x86_64-fedora-clang 1.2 435.37 OK
r-devel-linux-x86_64-fedora-gcc 1.2 414.43 OK
r-devel-windows-x86_64 1.2 156.00 87.00 243.00 OK
r-patched-linux-x86_64 1.2 212.80 51.93 264.73 OK
r-release-linux-x86_64 1.2 200.69 51.97 252.66 OK
r-release-macos-arm64 1.2 70.00 NOTE
r-release-macos-x86_64 1.2 81.00 NOTE
r-release-windows-x86_64 1.2 201.00 96.00 297.00 OK
r-oldrel-macos-arm64 1.2 66.00 NOTE
r-oldrel-windows-x86_64 1.2 192.00 90.00 282.00 OK

Check Details

Version: 1.2
Check: whether package can be installed
Result: WARN Found the following significant warnings: dfa.cpp:155:9: warning: using integer absolute value function 'abs' when argument is of floating point type [-Wabsolute-value] See ‘/home/hornik/tmp/R.check/r-devel-clang/Work/PKGS/fractalRegression.Rcheck/00install.out’ for details. * used C++ compiler: ‘Debian clang version 17.0.6 (5)’ Flavor: r-devel-linux-x86_64-debian-clang

Version: 1.2
Check: installed package size
Result: NOTE installed size is 5.4Mb sub-directories of 1Mb or more: libs 5.1Mb Flavors: r-release-macos-arm64, r-release-macos-x86_64, r-oldrel-macos-arm64