CRAN Package Check Results for Package foto

Last updated on 2021-06-15 01:50:23 CEST.

Flavor Version Tinstall Tcheck Ttotal Status Flags
r-devel-linux-x86_64-debian-clang 1.0.0 7.33 223.44 230.77 NOTE
r-devel-linux-x86_64-debian-gcc 1.0.0 7.05 172.78 179.83 NOTE
r-devel-linux-x86_64-fedora-clang 1.0.0 287.72 NOTE
r-devel-linux-x86_64-fedora-gcc 1.0.0 280.34 NOTE
r-devel-windows-x86_64 1.0.0 12.00 231.00 243.00 NOTE
r-devel-windows-x86_64-gcc10-UCRT 1.0.0 NOTE
r-patched-linux-x86_64 1.0.0 8.32 216.86 225.18 NOTE
r-patched-solaris-x86 1.0.0 293.70 NOTE
r-release-linux-x86_64 1.0.0 7.97 216.19 224.16 NOTE
r-release-macos-arm64 1.0.0 ERROR
r-release-macos-x86_64 1.0.0 NOTE
r-release-windows-ix86+x86_64 1.0.0 19.00 229.00 248.00 NOTE
r-oldrel-macos-x86_64 1.0.0 OK
r-oldrel-windows-ix86+x86_64 1.0.0 15.00 240.00 255.00 OK

Check Details

Version: 1.0.0
Check: LazyData
Result: NOTE
     'LazyData' is specified without a 'data' directory
Flavors: r-devel-linux-x86_64-debian-clang, r-devel-linux-x86_64-debian-gcc, r-devel-linux-x86_64-fedora-clang, r-devel-linux-x86_64-fedora-gcc, r-devel-windows-x86_64, r-devel-windows-x86_64-gcc10-UCRT, r-patched-linux-x86_64, r-patched-solaris-x86, r-release-linux-x86_64, r-release-macos-arm64, r-release-macos-x86_64, r-release-windows-ix86+x86_64

Version: 1.0.0
Check: package dependencies
Result: NOTE
    Package suggested but not available for checking: ‘rgdal’
Flavor: r-release-macos-arm64

Version: 1.0.0
Check: tests
Result: ERROR
     Running ‘testthat.r’ [1s/1s]
    Running the tests in ‘tests/testthat.r’ failed.
    Last 13 lines of output:
     Error: error in evaluating the argument 'x' in selecting a method for function 'crop': Cannot create RasterLayer object from this file; perhaps you need to install rgdal first
     Backtrace:
     █
     1. ├─raster::crop(...) test_foto.R:30:2
     2. ├─raster::raster(...)
     3. ├─raster::raster(...)
     4. │ └─raster:::.local(x, ...)
     5. │ └─raster:::.rasterObjectFromFile(...)
     6. │ └─base::stop("Cannot create RasterLayer object from this file; perhaps you need to install rgdal first")
     7. └─base::.handleSimpleError(...)
     8. └─base:::h(simpleError(msg, call))
    
     [ FAIL 2 | WARN 0 | SKIP 0 | PASS 2 ]
     Error: Test failures
     Execution halted
Flavor: r-release-macos-arm64

Version: 1.0.0
Check: re-building of vignette outputs
Result: WARN
    Error(s) in re-building vignettes:
     ...
    --- re-building ‘foto-vignette.Rmd’ using rmarkdown
    Warning in engine$weave(file, quiet = quiet, encoding = enc) :
     Pandoc (>= 1.12.3) not available. Falling back to R Markdown v1.
    Quitting from lines 39-52 (foto-vignette.Rmd)
    Error: processing vignette 'foto-vignette.Rmd' failed with diagnostics:
    Cannot create RasterLayer object from this file; perhaps you need to install rgdal first
    --- failed re-building ‘foto-vignette.Rmd’
    
    SUMMARY: processing the following file failed:
     ‘foto-vignette.Rmd’
    
    Error: Vignette re-building failed.
    Execution halted
Flavor: r-release-macos-arm64