CRAN Package Check Results for Package foster

Last updated on 2021-06-18 13:51:44 CEST.

Flavor Version Tinstall Tcheck Ttotal Status Flags
r-devel-linux-x86_64-debian-clang 0.1.1 6.86 230.05 236.91 OK
r-devel-linux-x86_64-debian-gcc 0.1.1 5.75 175.36 181.11 OK
r-devel-linux-x86_64-fedora-clang 0.1.1 290.46 NOTE
r-devel-linux-x86_64-fedora-gcc 0.1.1 284.46 NOTE
r-devel-windows-x86_64 0.1.1 11.00 272.00 283.00 OK
r-devel-windows-x86_64-gcc10-UCRT 0.1.1 NOTE
r-patched-linux-x86_64 0.1.1 6.80 215.86 222.66 OK
r-patched-solaris-x86 0.1.1 362.10 NOTE
r-release-linux-x86_64 0.1.1 6.23 214.72 220.95 OK
r-release-macos-arm64 0.1.1 NOTE
r-release-macos-x86_64 0.1.1 NOTE
r-release-windows-ix86+x86_64 0.1.1 16.00 268.00 284.00 OK
r-oldrel-macos-x86_64 0.1.1 NOTE
r-oldrel-windows-ix86+x86_64 0.1.1 10.00 276.00 286.00 OK

Check Details

Version: 0.1.1
Check: dependencies in R code
Result: NOTE
    Namespace in Imports field not imported from: ‘spatstat’
     All declared Imports should be used.
Flavors: r-devel-linux-x86_64-fedora-clang, r-devel-linux-x86_64-fedora-gcc, r-devel-windows-x86_64-gcc10-UCRT, r-patched-solaris-x86, r-release-macos-arm64, r-release-macos-x86_64, r-oldrel-macos-x86_64