CRAN Package Check Results for Package formattable

Last updated on 2021-11-26 19:52:50 CET.

Flavor Version Tinstall Tcheck Ttotal Status Flags
r-devel-linux-x86_64-debian-clang 0.2.1 3.67 41.62 45.29 NOTE
r-devel-linux-x86_64-debian-gcc 0.2.1 2.95 33.15 36.10 NOTE
r-devel-linux-x86_64-fedora-clang 0.2.1 66.09 NOTE
r-devel-linux-x86_64-fedora-gcc 0.2.1 55.87 NOTE
r-devel-windows-x86_64-new-UL 0.2.1 13.00 93.00 106.00 NOTE
r-devel-windows-x86_64-new-TK 0.2.1 NOTE
r-devel-windows-x86_64-old 0.2.1 6.00 70.00 76.00 NOTE
r-patched-linux-x86_64 0.2.1 3.96 41.85 45.81 NOTE
r-patched-solaris-x86 0.2.1 77.70 NOTE
r-release-linux-x86_64 0.2.1 NOTE
r-release-macos-arm64 0.2.1 NOTE
r-release-macos-x86_64 0.2.1 NOTE
r-release-windows-ix86+x86_64 0.2.1 9.00 50.00 59.00 NOTE
r-oldrel-macos-x86_64 0.2.1 OK
r-oldrel-windows-ix86+x86_64 0.2.1 7.00 71.00 78.00 OK

Check Details

Version: 0.2.1
Check: LazyData
Result: NOTE
     'LazyData' is specified without a 'data' directory
Flavors: r-devel-linux-x86_64-debian-clang, r-devel-linux-x86_64-debian-gcc, r-devel-linux-x86_64-fedora-clang, r-devel-linux-x86_64-fedora-gcc, r-devel-windows-x86_64-new-UL, r-devel-windows-x86_64-new-TK, r-devel-windows-x86_64-old, r-patched-linux-x86_64, r-patched-solaris-x86, r-release-linux-x86_64, r-release-macos-arm64, r-release-macos-x86_64, r-release-windows-ix86+x86_64