CRAN Package Check Results for Package forestmangr

Last updated on 2021-06-21 22:56:58 CEST.

Flavor Version Tinstall Tcheck Ttotal Status Flags
r-devel-linux-x86_64-debian-clang 0.9.3 9.27 232.82 242.09 OK
r-devel-linux-x86_64-debian-gcc 0.9.3 8.69 173.86 182.55 OK
r-devel-linux-x86_64-fedora-clang 0.9.3 296.15 NOTE
r-devel-linux-x86_64-fedora-gcc 0.9.3 285.04 NOTE
r-devel-windows-x86_64 0.9.3 17.00 202.00 219.00 OK
r-devel-windows-x86_64-gcc10-UCRT 0.9.3 ERROR
r-patched-linux-x86_64 0.9.3 10.51 221.88 232.39 OK
r-patched-solaris-x86 0.9.3 348.70 NOTE
r-release-linux-x86_64 0.9.3 10.99 220.68 231.67 OK
r-release-macos-arm64 0.9.3 NOTE
r-release-macos-x86_64 0.9.3 NOTE
r-release-windows-ix86+x86_64 0.9.3 20.00 277.00 297.00 OK
r-oldrel-macos-x86_64 0.9.3 NOTE

Check Details

Version: 0.9.3
Check: package dependencies
Result: NOTE
    Imports includes 23 non-default packages.
    Importing from so many packages makes the package vulnerable to any of
    them becoming unavailable. Move as many as possible to Suggests and
    use conditionally.
Flavor: r-devel-linux-x86_64-fedora-clang

Version: 0.9.3
Check: dependencies in R code
Result: NOTE
    Namespace in Imports field not imported from: ‘forcats’
     All declared Imports should be used.
Flavors: r-devel-linux-x86_64-fedora-clang, r-devel-linux-x86_64-fedora-gcc, r-patched-solaris-x86, r-release-macos-arm64, r-release-macos-x86_64, r-oldrel-macos-x86_64

Version: 0.9.3
Check: package dependencies
Result: ERROR
    Packages required but not available: 'systemfit', 'car'
    
    Package suggested but not available for checking: 'covr'
    
    See section 'The DESCRIPTION file' in the 'Writing R Extensions'
    manual.
Flavor: r-devel-windows-x86_64-gcc10-UCRT